{"id":27,"date":"2020-04-07T14:39:35","date_gmt":"2020-04-07T12:39:35","guid":{"rendered":"https:\/\/cms.easyhvs.de\/verhueckt\/?page_id=27"},"modified":"2020-04-07T15:54:15","modified_gmt":"2020-04-07T13:54:15","slug":"imprint","status":"publish","type":"page","link":"https:\/\/cms.easyhvs.de\/verhueckt\/imprint\/","title":{"rendered":"Imprint"},"content":{"rendered":"\n<p>IMPRESSUM<\/p>\n\n\n\n<p><strong>Verantwortlich f\u00fcr den Inhalt:<\/strong><\/p>\n\n\n\n<p>Michael Schidlo<br>Eichrodtstr. 2<br>79117 Freiburg<\/p>\n\n\n\n<p><\/p>\n\n\n\n<p>Tel.: 0761-4709696<br>E-Mail: email@michaelschidlo.de<br>Internet: <a href=\"https:\/\/www.verhueckt.de\">https:\/\/www.verhueckt.de<\/a><\/p>\n\n\n\n<p><strong>Haftungsausschluss:<\/strong><\/p>\n\n\n\n<p>Trotz sorgf\u00e4ltiger inhaltlicher Kontrolle externer Links \u00fcbernehmen wir f\u00fcr deren Inhalte keine Haftung. F\u00fcr die Inhalte der verlinkten Seiten sind ausschlie\u00dflich deren Betreiber verantwortlich.<\/p>\n","protected":false},"excerpt":{"rendered":"<p>IMPRESSUM Verantwortlich f\u00fcr den Inhalt: Michael SchidloEichrodtstr. 279117 Freiburg Tel.: 0761-4709696E-Mail: email@michaelschidlo.deInternet: https:\/\/www.verhueckt.de Haftungsausschluss: Trotz sorgf\u00e4ltiger inhaltlicher Kontrolle externer Links \u00fcbernehmen wir f\u00fcr deren Inhalte keine Haftung. F\u00fcr die Inhalte der verlinkten Seiten sind ausschlie\u00dflich deren Betreiber verantwortlich.<\/p>\n","protected":false},"author":1,"featured_media":0,"parent":0,"menu_order":0,"comment_status":"closed","ping_status":"closed","template":"","meta":{"footnotes":""},"class_list":["post-27","page","type-page","status-publish","hentry"],"yoast_head":"<!-- This site is optimized with the Yoast SEO plugin v27.5 - https:\/\/yoast.com\/product\/yoast-seo-wordpress\/ -->\n<title>Imprint - regiopolitik.de<\/title>\n<meta name=\"robots\" content=\"index, follow, max-snippet:-1, max-image-preview:large, max-video-preview:-1\" \/>\n<link rel=\"canonical\" href=\"https:\/\/cms.easyhvs.de\/verhueckt\/imprint\/\" \/>\n<meta property=\"og:locale\" content=\"de_DE\" \/>\n<meta property=\"og:type\" content=\"article\" \/>\n<meta property=\"og:title\" content=\"Imprint - regiopolitik.de\" \/>\n<meta property=\"og:description\" content=\"IMPRESSUM Verantwortlich f\u00fcr den Inhalt: Michael SchidloEichrodtstr. 279117 Freiburg Tel.: 0761-4709696E-Mail: email@michaelschidlo.deInternet: https:\/\/www.verhueckt.de Haftungsausschluss: Trotz sorgf\u00e4ltiger inhaltlicher Kontrolle externer Links \u00fcbernehmen wir f\u00fcr deren Inhalte keine Haftung. F\u00fcr die Inhalte der verlinkten Seiten sind ausschlie\u00dflich deren Betreiber verantwortlich.\" \/>\n<meta property=\"og:url\" content=\"https:\/\/cms.easyhvs.de\/verhueckt\/imprint\/\" \/>\n<meta property=\"og:site_name\" content=\"regiopolitik.de\" \/>\n<meta property=\"article:modified_time\" content=\"2020-04-07T13:54:15+00:00\" \/>\n<meta name=\"twitter:card\" content=\"summary_large_image\" \/>\n<script type=\"application\/ld+json\" class=\"yoast-schema-graph\">{\"@context\":\"https:\\\/\\\/schema.org\",\"@graph\":[{\"@type\":\"WebPage\",\"@id\":\"https:\\\/\\\/cms.easyhvs.de\\\/verhueckt\\\/imprint\\\/\",\"url\":\"https:\\\/\\\/cms.easyhvs.de\\\/verhueckt\\\/imprint\\\/\",\"name\":\"Imprint - regiopolitik.de\",\"isPartOf\":{\"@id\":\"https:\\\/\\\/cms.easyhvs.de\\\/verhueckt\\\/#website\"},\"datePublished\":\"2020-04-07T12:39:35+00:00\",\"dateModified\":\"2020-04-07T13:54:15+00:00\",\"breadcrumb\":{\"@id\":\"https:\\\/\\\/cms.easyhvs.de\\\/verhueckt\\\/imprint\\\/#breadcrumb\"},\"inLanguage\":\"de\",\"potentialAction\":[{\"@type\":\"ReadAction\",\"target\":[\"https:\\\/\\\/cms.easyhvs.de\\\/verhueckt\\\/imprint\\\/\"]}]},{\"@type\":\"BreadcrumbList\",\"@id\":\"https:\\\/\\\/cms.easyhvs.de\\\/verhueckt\\\/imprint\\\/#breadcrumb\",\"itemListElement\":[{\"@type\":\"ListItem\",\"position\":1,\"name\":\"Home\",\"item\":\"https:\\\/\\\/cms.easyhvs.de\\\/verhueckt\\\/\"},{\"@type\":\"ListItem\",\"position\":2,\"name\":\"Imprint\"}]},{\"@type\":\"WebSite\",\"@id\":\"https:\\\/\\\/cms.easyhvs.de\\\/verhueckt\\\/#website\",\"url\":\"https:\\\/\\\/cms.easyhvs.de\\\/verhueckt\\\/\",\"name\":\"regiopolitik.de\",\"description\":\"\",\"potentialAction\":[{\"@type\":\"SearchAction\",\"target\":{\"@type\":\"EntryPoint\",\"urlTemplate\":\"https:\\\/\\\/cms.easyhvs.de\\\/verhueckt\\\/?s={search_term_string}\"},\"query-input\":{\"@type\":\"PropertyValueSpecification\",\"valueRequired\":true,\"valueName\":\"search_term_string\"}}],\"inLanguage\":\"de\"}]}<\/script>\n<!-- \/ Yoast SEO plugin. -->","yoast_head_json":{"title":"Imprint - regiopolitik.de","robots":{"index":"index","follow":"follow","max-snippet":"max-snippet:-1","max-image-preview":"max-image-preview:large","max-video-preview":"max-video-preview:-1"},"canonical":"https:\/\/cms.easyhvs.de\/verhueckt\/imprint\/","og_locale":"de_DE","og_type":"article","og_title":"Imprint - regiopolitik.de","og_description":"IMPRESSUM Verantwortlich f\u00fcr den Inhalt: Michael SchidloEichrodtstr. 279117 Freiburg Tel.: 0761-4709696E-Mail: email@michaelschidlo.deInternet: https:\/\/www.verhueckt.de Haftungsausschluss: Trotz sorgf\u00e4ltiger inhaltlicher Kontrolle externer Links \u00fcbernehmen wir f\u00fcr deren Inhalte keine Haftung. F\u00fcr die Inhalte der verlinkten Seiten sind ausschlie\u00dflich deren Betreiber verantwortlich.","og_url":"https:\/\/cms.easyhvs.de\/verhueckt\/imprint\/","og_site_name":"regiopolitik.de","article_modified_time":"2020-04-07T13:54:15+00:00","twitter_card":"summary_large_image","schema":{"@context":"https:\/\/schema.org","@graph":[{"@type":"WebPage","@id":"https:\/\/cms.easyhvs.de\/verhueckt\/imprint\/","url":"https:\/\/cms.easyhvs.de\/verhueckt\/imprint\/","name":"Imprint - regiopolitik.de","isPartOf":{"@id":"https:\/\/cms.easyhvs.de\/verhueckt\/#website"},"datePublished":"2020-04-07T12:39:35+00:00","dateModified":"2020-04-07T13:54:15+00:00","breadcrumb":{"@id":"https:\/\/cms.easyhvs.de\/verhueckt\/imprint\/#breadcrumb"},"inLanguage":"de","potentialAction":[{"@type":"ReadAction","target":["https:\/\/cms.easyhvs.de\/verhueckt\/imprint\/"]}]},{"@type":"BreadcrumbList","@id":"https:\/\/cms.easyhvs.de\/verhueckt\/imprint\/#breadcrumb","itemListElement":[{"@type":"ListItem","position":1,"name":"Home","item":"https:\/\/cms.easyhvs.de\/verhueckt\/"},{"@type":"ListItem","position":2,"name":"Imprint"}]},{"@type":"WebSite","@id":"https:\/\/cms.easyhvs.de\/verhueckt\/#website","url":"https:\/\/cms.easyhvs.de\/verhueckt\/","name":"regiopolitik.de","description":"","potentialAction":[{"@type":"SearchAction","target":{"@type":"EntryPoint","urlTemplate":"https:\/\/cms.easyhvs.de\/verhueckt\/?s={search_term_string}"},"query-input":{"@type":"PropertyValueSpecification","valueRequired":true,"valueName":"search_term_string"}}],"inLanguage":"de"}]}},"_links":{"self":[{"href":"https:\/\/cms.easyhvs.de\/verhueckt\/wp-json\/wp\/v2\/pages\/27","targetHints":{"allow":["GET"]}}],"collection":[{"href":"https:\/\/cms.easyhvs.de\/verhueckt\/wp-json\/wp\/v2\/pages"}],"about":[{"href":"https:\/\/cms.easyhvs.de\/verhueckt\/wp-json\/wp\/v2\/types\/page"}],"author":[{"embeddable":true,"href":"https:\/\/cms.easyhvs.de\/verhueckt\/wp-json\/wp\/v2\/users\/1"}],"replies":[{"embeddable":true,"href":"https:\/\/cms.easyhvs.de\/verhueckt\/wp-json\/wp\/v2\/comments?post=27"}],"version-history":[{"count":4,"href":"https:\/\/cms.easyhvs.de\/verhueckt\/wp-json\/wp\/v2\/pages\/27\/revisions"}],"predecessor-version":[{"id":46,"href":"https:\/\/cms.easyhvs.de\/verhueckt\/wp-json\/wp\/v2\/pages\/27\/revisions\/46"}],"wp:attachment":[{"href":"https:\/\/cms.easyhvs.de\/verhueckt\/wp-json\/wp\/v2\/media?parent=27"}],"curies":[{"name":"wp","href":"https:\/\/api.w.org\/{rel}","templated":true}]}}

<p>IMPRESSUM</p>



<p><strong>Verantwortlich für den Inhalt:</strong></p>



<p>Michael Schidlo<br>Eichrodtstr. 2<br>79117 Freiburg</p>



<p></p>



<p>Tel.: 0761-4709696<br>E-Mail: email@michaelschidlo.de<br>Internet: <a href="https://www.verhueckt.de">https://www.verhueckt.de</a></p>



<p><strong>Haftungsausschluss:</strong></p>



<p>Trotz sorgfältiger inhaltlicher Kontrolle externer Links übernehmen wir für deren Inhalte keine Haftung. Für die Inhalte der verlinkten Seiten sind ausschließlich deren Betreiber verantwortlich.</p>

<p>IMPRESSUM Verantwortlich für den Inhalt: Michael SchidloEichrodtstr. 279117 Freiburg Tel.: 0761-4709696E-Mail: email@michaelschidlo.deInternet: https://www.verhueckt.de Haftungsausschluss: Trotz sorgfältiger inhaltlicher Kontrolle externer Links übernehmen wir für deren Inhalte keine Haftung. Für die Inhalte der verlinkten Seiten sind ausschließlich deren Betreiber verantwortlich.</p>

<!-- This site is optimized with the Yoast SEO plugin v27.5 - https://yoast.com/product/yoast-seo-wordpress/ -->
<title>Imprint - regiopolitik.de</title>
<meta name="robots" content="index, follow, max-snippet:-1, max-image-preview:large, max-video-preview:-1" />
<link rel="canonical" href="https://cms.easyhvs.de/verhueckt/imprint/" />
<meta property="og:locale" content="de_DE" />
<meta property="og:type" content="article" />
<meta property="og:title" content="Imprint - regiopolitik.de" />
<meta property="og:description" content="IMPRESSUM Verantwortlich für den Inhalt: Michael SchidloEichrodtstr. 279117 Freiburg Tel.: 0761-4709696E-Mail: email@michaelschidlo.deInternet: https://www.verhueckt.de Haftungsausschluss: Trotz sorgfältiger inhaltlicher Kontrolle externer Links übernehmen wir für deren Inhalte keine Haftung. Für die Inhalte der verlinkten Seiten sind ausschließlich deren Betreiber verantwortlich." />
<meta property="og:url" content="https://cms.easyhvs.de/verhueckt/imprint/" />
<meta property="og:site_name" content="regiopolitik.de" />
<meta property="article:modified_time" content="2020-04-07T13:54:15+00:00" />
<meta name="twitter:card" content="summary_large_image" />
<script type="application/ld+json" class="yoast-schema-graph">{"@context":"https:\/\/schema.org","@graph":[{"@type":"WebPage","@id":"https:\/\/cms.easyhvs.de\/verhueckt\/imprint\/","url":"https:\/\/cms.easyhvs.de\/verhueckt\/imprint\/","name":"Imprint - regiopolitik.de","isPartOf":{"@id":"https:\/\/cms.easyhvs.de\/verhueckt\/#website"},"datePublished":"2020-04-07T12:39:35+00:00","dateModified":"2020-04-07T13:54:15+00:00","breadcrumb":{"@id":"https:\/\/cms.easyhvs.de\/verhueckt\/imprint\/#breadcrumb"},"inLanguage":"de","potentialAction":[{"@type":"ReadAction","target":["https:\/\/cms.easyhvs.de\/verhueckt\/imprint\/"]}]},{"@type":"BreadcrumbList","@id":"https:\/\/cms.easyhvs.de\/verhueckt\/imprint\/#breadcrumb","itemListElement":[{"@type":"ListItem","position":1,"name":"Home","item":"https:\/\/cms.easyhvs.de\/verhueckt\/"},{"@type":"ListItem","position":2,"name":"Imprint"}]},{"@type":"WebSite","@id":"https:\/\/cms.easyhvs.de\/verhueckt\/#website","url":"https:\/\/cms.easyhvs.de\/verhueckt\/","name":"regiopolitik.de","description":"","potentialAction":[{"@type":"SearchAction","target":{"@type":"EntryPoint","urlTemplate":"https:\/\/cms.easyhvs.de\/verhueckt\/?s={search_term_string}"},"query-input":{"@type":"PropertyValueSpecification","valueRequired":true,"valueName":"search_term_string"}}],"inLanguage":"de"}]}</script>
<!-- / Yoast SEO plugin. -->

IMPRESSUM Verantwortlich für den Inhalt: Michael SchidloEichrodtstr. 279117 Freiburg Tel.: 0761-4709696E-Mail: email@michaelschidlo.deInternet: https://www.verhueckt.de Haftungsausschluss: Trotz sorgfältiger inhaltlicher Kontrolle externer Links übernehmen wir für deren Inhalte keine Haftung. Für die Inhalte der verlinkten Seiten sind ausschließlich deren Betreiber verantwortlich.
