{"id":57,"date":"2018-02-01T13:26:30","date_gmt":"2018-02-01T12:26:30","guid":{"rendered":"https:\/\/cms.easyhvs.de\/startfrei\/?page_id=57"},"modified":"2022-11-05T15:06:26","modified_gmt":"2022-11-05T15:06:26","slug":"griechenland","status":"publish","type":"page","link":"https:\/\/cms.easyhvs.de\/startfreinew\/griechenland\/","title":{"rendered":"Griechenland"},"content":{"rendered":"\n<h2 class=\"wp-block-heading\">Griechische Inseln: Inselh\u00fcpfen durch die S\u00fcdliche \u00c4g\u00e4is<\/h2>\n\n\n\n<h6 class=\"wp-block-heading\">Kreta<\/h6>\n\n\n\n<p>Was hat Georgios Lambros uns gesagt, wo wir unbedingt einkehren sollten? Bei seinem Freund Anthonys, in der Taverna mit den zwei Windm\u00fchlen. Ganz leicht zu finden sei die Taverne, und im Hof \u00fcber den Esstischen sollten von einer Laube die besten und s\u00fc\u00dfesten Weintrauben ganz Griechenlands herabh\u00e4ngen. Das wollten wir uns doch nicht entgehen lassen. &#8230; Als wir uns umschauen, erkennen wir, dass es entlang der Strecke geradezu von Tavernen wimmelt \u2013 und noch mehr von Windm\u00fchlen! &#8230;<\/p>\n\n\n\n<p>Wir entdecken die Taverne auf der Lasithi-Hochebene, fahren weiter \u00fcber das idyllisch gelegene K\u00fcstenst\u00e4dtchen Agios Nikolaos, besuchen Malia und Chania, bevor wir von Heraklion aus den Sprung nach Santorini ansetzen.<\/p>\n\n\n\n<p><strong>Santorini (Thira)<\/strong><\/p>\n\n\n\n<p>Mit ihren strahlend wei\u00dfen W\u00fcrfelh\u00e4usern auf rabenschwarzen Vulkanfelsen hebt sich Santorini kontrastreich vom blauen Meer der \u00c4g\u00e4is ab. Eine Inselrundfahrt verbindet den Besuch der antiken Ausgrabungsst\u00e4tte bei Akrotiri mit Badevergn\u00fcgen im angenehm erfrischenden Meer bei Perissa und endet mit einer Weinprobe in den Bergen, im Freiluftkino von Kamari oder im Nachtleben des Hauptortes Thira &#8230;<\/p>\n\n\n\n<p><strong>Rhodos<\/strong><\/p>\n\n\n\n<p>Die gr\u00f6\u00dfte und vielseitigste Insel des Dodekanes pr\u00e4sentiert sich als eine bunte Mischung an Kulturen ehemaliger Eroberer und zugewanderter Inselliebhaber. Im Zentrum eine mittelalterliche Burg, hier eine t\u00fcrkische Moschee mit Minarett, dort ein r\u00f6mischer Brunnen vor einer italienischen Pizzeria. Daneben Souvenirshops und Stra\u00dfencaf\u00e9s aller Nationalit\u00e4ten. Kitsch und Kultur, Armut und Pracht liegen eng nebeneinander. Die Inselrundfahrt f\u00fchrt vorbei an herrlichen Traumstr\u00e4nden, alten Kl\u00f6stern, schattigen Flusst\u00e4lern und belebten Ortschaften.<\/p>\n\n\n\n<p><strong>Samos<\/strong><\/p>\n\n\n\n<p>&#8230; und als weiteres Highlight lockt in der n\u00f6rdlichen \u00c4g\u00e4is die griechische Insel <strong>Samos<\/strong> &#8211; mittlerweile unser Hauptreiseziel in Griechenland und die am meisten von uns besuchte Insel. Hier \u00fcberraschen uns immer wieder au\u00dfergew\u00f6hnliche Begegnungen mit Cham\u00e4leons oder Kegelrobben, aber auch gastfreundlichen Einheimischen und Auswanderern, die hier Fu\u00df gefasst haben. Wir entdecken gemeinsam immer wieder neue, unter Touristen teils wenig bekannte Paradiese wie das kleine famili\u00e4r gef\u00fchrte Open Air Kino in Mytilinii, einem winzigen Ort in den Bergen oberhalb der Inselhauptstadt Vathy, auch Samos-Stadt genannt. Hier wurde fr\u00fcher auf dem gro\u00dfen Platz unter uralten Platanen regelm\u00e4\u00dfig getanzt und gefeiert. Nicht zu vergessen: Der Hafenort Pythagorio mit seinen Originalen, allen voran Kapit\u00e4n Jannis und sein Tanzboot, auf dem neben ihm und den G\u00e4sten stets auch ein paar Ziegen und Katzen ihren Stammplatz finden. Oder das altehrw\u00fcrdige Musik- und Tanzschiff &#8222;Archangelos&#8220;, das seit ein paar Jahren nur noch als Museumsschiff im Hafen liegt und von den guten alten Zeiten tr\u00e4umt. Und wer das Gl\u00fcck hat, am 15. August auf der Insel zu sein, der sollte es sich nicht entgehen lassen, bei Maria am Papas Beach vorbeizuschauen: Dort gibt es gratis Kuchen f\u00fcr alle! Denn es ist der Namenstag der Patronin, und das feiert sie allj\u00e4hrlich mit jedem, der sie besuchen kommt. &#8230;<\/p>\n","protected":false},"excerpt":{"rendered":"<p>Griechische Inseln: Inselh\u00fcpfen durch die S\u00fcdliche \u00c4g\u00e4is Kreta Was hat Georgios Lambros uns gesagt, wo wir unbedingt einkehren sollten? Bei seinem Freund Anthonys, in der Taverna mit den zwei Windm\u00fchlen. Ganz leicht zu finden sei die Taverne, und im Hof \u00fcber den Esstischen sollten von einer Laube die besten und s\u00fc\u00dfesten Weintrauben ganz Griechenlands herabh\u00e4ngen. [&hellip;]<\/p>\n","protected":false},"author":2,"featured_media":0,"parent":0,"menu_order":0,"comment_status":"closed","ping_status":"closed","template":"","meta":{"ocean_post_layout":"","ocean_both_sidebars_style":"","ocean_both_sidebars_content_width":0,"ocean_both_sidebars_sidebars_width":0,"ocean_sidebar":"0","ocean_second_sidebar":"0","ocean_disable_margins":"enable","ocean_add_body_class":"","ocean_shortcode_before_top_bar":"","ocean_shortcode_after_top_bar":"","ocean_shortcode_before_header":"","ocean_shortcode_after_header":"","ocean_has_shortcode":"","ocean_shortcode_after_title":"","ocean_shortcode_before_footer_widgets":"","ocean_shortcode_after_footer_widgets":"","ocean_shortcode_before_footer_bottom":"","ocean_shortcode_after_footer_bottom":"","ocean_display_top_bar":"default","ocean_display_header":"default","ocean_header_style":"","ocean_center_header_left_menu":"0","ocean_custom_header_template":"0","ocean_custom_logo":0,"ocean_custom_retina_logo":0,"ocean_custom_logo_max_width":0,"ocean_custom_logo_tablet_max_width":0,"ocean_custom_logo_mobile_max_width":0,"ocean_custom_logo_max_height":0,"ocean_custom_logo_tablet_max_height":0,"ocean_custom_logo_mobile_max_height":0,"ocean_header_custom_menu":"0","ocean_menu_typo_font_family":"0","ocean_menu_typo_font_subset":"","ocean_menu_typo_font_size":0,"ocean_menu_typo_font_size_tablet":0,"ocean_menu_typo_font_size_mobile":0,"ocean_menu_typo_font_size_unit":"px","ocean_menu_typo_font_weight":"","ocean_menu_typo_font_weight_tablet":"","ocean_menu_typo_font_weight_mobile":"","ocean_menu_typo_transform":"","ocean_menu_typo_transform_tablet":"","ocean_menu_typo_transform_mobile":"","ocean_menu_typo_line_height":0,"ocean_menu_typo_line_height_tablet":0,"ocean_menu_typo_line_height_mobile":0,"ocean_menu_typo_line_height_unit":"","ocean_menu_typo_spacing":0,"ocean_menu_typo_spacing_tablet":0,"ocean_menu_typo_spacing_mobile":0,"ocean_menu_typo_spacing_unit":"","ocean_menu_link_color":"","ocean_menu_link_color_hover":"","ocean_menu_link_color_active":"","ocean_menu_link_background":"","ocean_menu_link_hover_background":"","ocean_menu_link_active_background":"","ocean_menu_social_links_bg":"","ocean_menu_social_hover_links_bg":"","ocean_menu_social_links_color":"","ocean_menu_social_hover_links_color":"","ocean_disable_title":"default","ocean_disable_heading":"default","ocean_post_title":"","ocean_post_subheading":"","ocean_post_title_style":"","ocean_post_title_background_color":"","ocean_post_title_background":0,"ocean_post_title_bg_image_position":"","ocean_post_title_bg_image_attachment":"","ocean_post_title_bg_image_repeat":"","ocean_post_title_bg_image_size":"","ocean_post_title_height":0,"ocean_post_title_bg_overlay":0.5,"ocean_post_title_bg_overlay_color":"","ocean_disable_breadcrumbs":"default","ocean_breadcrumbs_color":"","ocean_breadcrumbs_separator_color":"","ocean_breadcrumbs_links_color":"","ocean_breadcrumbs_links_hover_color":"","ocean_display_footer_widgets":"default","ocean_display_footer_bottom":"default","ocean_custom_footer_template":"0","footnotes":""},"class_list":["post-57","page","type-page","status-publish","hentry","entry"],"yoast_head":"<!-- This site is optimized with the Yoast SEO plugin v27.5 - https:\/\/yoast.com\/product\/yoast-seo-wordpress\/ -->\n<title>Griechenland - Startfrei.com<\/title>\n<meta name=\"robots\" content=\"index, follow, max-snippet:-1, max-image-preview:large, max-video-preview:-1\" \/>\n<link rel=\"canonical\" href=\"https:\/\/cms.easyhvs.de\/startfreinew\/griechenland\/\" \/>\n<meta property=\"og:locale\" content=\"de_DE\" \/>\n<meta property=\"og:type\" content=\"article\" \/>\n<meta property=\"og:title\" content=\"Griechenland - Startfrei.com\" \/>\n<meta property=\"og:description\" content=\"Griechische Inseln: Inselh\u00fcpfen durch die S\u00fcdliche \u00c4g\u00e4is Kreta Was hat Georgios Lambros uns gesagt, wo wir unbedingt einkehren sollten? Bei seinem Freund Anthonys, in der Taverna mit den zwei Windm\u00fchlen. Ganz leicht zu finden sei die Taverne, und im Hof \u00fcber den Esstischen sollten von einer Laube die besten und s\u00fc\u00dfesten Weintrauben ganz Griechenlands herabh\u00e4ngen. [&hellip;]\" \/>\n<meta property=\"og:url\" content=\"https:\/\/cms.easyhvs.de\/startfreinew\/griechenland\/\" \/>\n<meta property=\"og:site_name\" content=\"Startfrei.com\" \/>\n<meta property=\"article:modified_time\" content=\"2022-11-05T15:06:26+00:00\" \/>\n<meta name=\"twitter:card\" content=\"summary_large_image\" \/>\n<meta name=\"twitter:label1\" content=\"Gesch\u00e4tzte Lesezeit\" \/>\n\t<meta name=\"twitter:data1\" content=\"2\u00a0Minuten\" \/>\n<script type=\"application\/ld+json\" class=\"yoast-schema-graph\">{\"@context\":\"https:\\\/\\\/schema.org\",\"@graph\":[{\"@type\":\"WebPage\",\"@id\":\"https:\\\/\\\/cms.easyhvs.de\\\/startfreinew\\\/griechenland\\\/\",\"url\":\"https:\\\/\\\/cms.easyhvs.de\\\/startfreinew\\\/griechenland\\\/\",\"name\":\"Griechenland - Startfrei.com\",\"isPartOf\":{\"@id\":\"https:\\\/\\\/startfrei.com\\\/#website\"},\"datePublished\":\"2018-02-01T12:26:30+00:00\",\"dateModified\":\"2022-11-05T15:06:26+00:00\",\"breadcrumb\":{\"@id\":\"https:\\\/\\\/cms.easyhvs.de\\\/startfreinew\\\/griechenland\\\/#breadcrumb\"},\"inLanguage\":\"de\",\"potentialAction\":[{\"@type\":\"ReadAction\",\"target\":[\"https:\\\/\\\/cms.easyhvs.de\\\/startfreinew\\\/griechenland\\\/\"]}]},{\"@type\":\"BreadcrumbList\",\"@id\":\"https:\\\/\\\/cms.easyhvs.de\\\/startfreinew\\\/griechenland\\\/#breadcrumb\",\"itemListElement\":[{\"@type\":\"ListItem\",\"position\":1,\"name\":\"Home\",\"item\":\"https:\\\/\\\/startfrei.com\\\/\"},{\"@type\":\"ListItem\",\"position\":2,\"name\":\"Griechenland\"}]},{\"@type\":\"WebSite\",\"@id\":\"https:\\\/\\\/startfrei.com\\\/#website\",\"url\":\"https:\\\/\\\/startfrei.com\\\/\",\"name\":\"Startfrei.com\",\"description\":\"\",\"publisher\":{\"@id\":\"https:\\\/\\\/startfrei.com\\\/#organization\"},\"potentialAction\":[{\"@type\":\"SearchAction\",\"target\":{\"@type\":\"EntryPoint\",\"urlTemplate\":\"https:\\\/\\\/startfrei.com\\\/?s={search_term_string}\"},\"query-input\":{\"@type\":\"PropertyValueSpecification\",\"valueRequired\":true,\"valueName\":\"search_term_string\"}}],\"inLanguage\":\"de\"},{\"@type\":\"Organization\",\"@id\":\"https:\\\/\\\/startfrei.com\\\/#organization\",\"name\":\"Startfrei.com\",\"url\":\"https:\\\/\\\/startfrei.com\\\/\",\"logo\":{\"@type\":\"ImageObject\",\"inLanguage\":\"de\",\"@id\":\"https:\\\/\\\/startfrei.com\\\/#\\\/schema\\\/logo\\\/image\\\/\",\"url\":\"https:\\\/\\\/cms.easyhvs.de\\\/startfreinew\\\/wp-content\\\/uploads\\\/sites\\\/19\\\/2022\\\/02\\\/Logo_startfrei-briefbogen_alt-2.jpg\",\"contentUrl\":\"https:\\\/\\\/cms.easyhvs.de\\\/startfreinew\\\/wp-content\\\/uploads\\\/sites\\\/19\\\/2022\\\/02\\\/Logo_startfrei-briefbogen_alt-2.jpg\",\"width\":322,\"height\":71,\"caption\":\"Startfrei.com\"},\"image\":{\"@id\":\"https:\\\/\\\/startfrei.com\\\/#\\\/schema\\\/logo\\\/image\\\/\"}}]}<\/script>\n<!-- \/ Yoast SEO plugin. -->","yoast_head_json":{"title":"Griechenland - Startfrei.com","robots":{"index":"index","follow":"follow","max-snippet":"max-snippet:-1","max-image-preview":"max-image-preview:large","max-video-preview":"max-video-preview:-1"},"canonical":"https:\/\/cms.easyhvs.de\/startfreinew\/griechenland\/","og_locale":"de_DE","og_type":"article","og_title":"Griechenland - Startfrei.com","og_description":"Griechische Inseln: Inselh\u00fcpfen durch die S\u00fcdliche \u00c4g\u00e4is Kreta Was hat Georgios Lambros uns gesagt, wo wir unbedingt einkehren sollten? Bei seinem Freund Anthonys, in der Taverna mit den zwei Windm\u00fchlen. Ganz leicht zu finden sei die Taverne, und im Hof \u00fcber den Esstischen sollten von einer Laube die besten und s\u00fc\u00dfesten Weintrauben ganz Griechenlands herabh\u00e4ngen. [&hellip;]","og_url":"https:\/\/cms.easyhvs.de\/startfreinew\/griechenland\/","og_site_name":"Startfrei.com","article_modified_time":"2022-11-05T15:06:26+00:00","twitter_card":"summary_large_image","twitter_misc":{"Gesch\u00e4tzte Lesezeit":"2\u00a0Minuten"},"schema":{"@context":"https:\/\/schema.org","@graph":[{"@type":"WebPage","@id":"https:\/\/cms.easyhvs.de\/startfreinew\/griechenland\/","url":"https:\/\/cms.easyhvs.de\/startfreinew\/griechenland\/","name":"Griechenland - Startfrei.com","isPartOf":{"@id":"https:\/\/startfrei.com\/#website"},"datePublished":"2018-02-01T12:26:30+00:00","dateModified":"2022-11-05T15:06:26+00:00","breadcrumb":{"@id":"https:\/\/cms.easyhvs.de\/startfreinew\/griechenland\/#breadcrumb"},"inLanguage":"de","potentialAction":[{"@type":"ReadAction","target":["https:\/\/cms.easyhvs.de\/startfreinew\/griechenland\/"]}]},{"@type":"BreadcrumbList","@id":"https:\/\/cms.easyhvs.de\/startfreinew\/griechenland\/#breadcrumb","itemListElement":[{"@type":"ListItem","position":1,"name":"Home","item":"https:\/\/startfrei.com\/"},{"@type":"ListItem","position":2,"name":"Griechenland"}]},{"@type":"WebSite","@id":"https:\/\/startfrei.com\/#website","url":"https:\/\/startfrei.com\/","name":"Startfrei.com","description":"","publisher":{"@id":"https:\/\/startfrei.com\/#organization"},"potentialAction":[{"@type":"SearchAction","target":{"@type":"EntryPoint","urlTemplate":"https:\/\/startfrei.com\/?s={search_term_string}"},"query-input":{"@type":"PropertyValueSpecification","valueRequired":true,"valueName":"search_term_string"}}],"inLanguage":"de"},{"@type":"Organization","@id":"https:\/\/startfrei.com\/#organization","name":"Startfrei.com","url":"https:\/\/startfrei.com\/","logo":{"@type":"ImageObject","inLanguage":"de","@id":"https:\/\/startfrei.com\/#\/schema\/logo\/image\/","url":"https:\/\/cms.easyhvs.de\/startfreinew\/wp-content\/uploads\/sites\/19\/2022\/02\/Logo_startfrei-briefbogen_alt-2.jpg","contentUrl":"https:\/\/cms.easyhvs.de\/startfreinew\/wp-content\/uploads\/sites\/19\/2022\/02\/Logo_startfrei-briefbogen_alt-2.jpg","width":322,"height":71,"caption":"Startfrei.com"},"image":{"@id":"https:\/\/startfrei.com\/#\/schema\/logo\/image\/"}}]}},"_links":{"self":[{"href":"https:\/\/cms.easyhvs.de\/startfreinew\/wp-json\/wp\/v2\/pages\/57","targetHints":{"allow":["GET"]}}],"collection":[{"href":"https:\/\/cms.easyhvs.de\/startfreinew\/wp-json\/wp\/v2\/pages"}],"about":[{"href":"https:\/\/cms.easyhvs.de\/startfreinew\/wp-json\/wp\/v2\/types\/page"}],"author":[{"embeddable":true,"href":"https:\/\/cms.easyhvs.de\/startfreinew\/wp-json\/wp\/v2\/users\/2"}],"replies":[{"embeddable":true,"href":"https:\/\/cms.easyhvs.de\/startfreinew\/wp-json\/wp\/v2\/comments?post=57"}],"version-history":[{"count":3,"href":"https:\/\/cms.easyhvs.de\/startfreinew\/wp-json\/wp\/v2\/pages\/57\/revisions"}],"predecessor-version":[{"id":803,"href":"https:\/\/cms.easyhvs.de\/startfreinew\/wp-json\/wp\/v2\/pages\/57\/revisions\/803"}],"wp:attachment":[{"href":"https:\/\/cms.easyhvs.de\/startfreinew\/wp-json\/wp\/v2\/media?parent=57"}],"curies":[{"name":"wp","href":"https:\/\/api.w.org\/{rel}","templated":true}]}}