{"id":386,"date":"2021-06-21T13:46:38","date_gmt":"2021-06-21T11:46:38","guid":{"rendered":"https:\/\/cms.easyhvs.de\/startfrei\/?page_id=386"},"modified":"2023-10-27T09:40:41","modified_gmt":"2023-10-27T09:40:41","slug":"furs-ohr","status":"publish","type":"page","link":"https:\/\/cms.easyhvs.de\/startfreinew\/furs-ohr\/","title":{"rendered":"H\u00f6r mal &#8230;!"},"content":{"rendered":"\n<div class=\"wp-block-columns is-layout-flex wp-container-core-columns-is-layout-9d6595d7 wp-block-columns-is-layout-flex\">\n<div class=\"wp-block-column is-layout-flow wp-block-column-is-layout-flow\" style=\"flex-basis:33.33%\">\n<figure class=\"wp-block-image size-large\"><img loading=\"lazy\" decoding=\"async\" width=\"913\" height=\"1024\" src=\"https:\/\/cms.easyhvs.de\/startfreinew\/wp-content\/uploads\/sites\/19\/2021\/06\/Hase_Toskana_ReinholdWagner_099a_1280px-913x1024.jpg\" alt=\"\" class=\"wp-image-387\" srcset=\"https:\/\/cms.easyhvs.de\/startfreinew\/wp-content\/uploads\/sites\/19\/2021\/06\/Hase_Toskana_ReinholdWagner_099a_1280px-913x1024.jpg 913w, https:\/\/cms.easyhvs.de\/startfreinew\/wp-content\/uploads\/sites\/19\/2021\/06\/Hase_Toskana_ReinholdWagner_099a_1280px-268x300.jpg 268w, https:\/\/cms.easyhvs.de\/startfreinew\/wp-content\/uploads\/sites\/19\/2021\/06\/Hase_Toskana_ReinholdWagner_099a_1280px-768x861.jpg 768w, https:\/\/cms.easyhvs.de\/startfreinew\/wp-content\/uploads\/sites\/19\/2021\/06\/Hase_Toskana_ReinholdWagner_099a_1280px-428x480.jpg 428w, https:\/\/cms.easyhvs.de\/startfreinew\/wp-content\/uploads\/sites\/19\/2021\/06\/Hase_Toskana_ReinholdWagner_099a_1280px-446x500.jpg 446w, https:\/\/cms.easyhvs.de\/startfreinew\/wp-content\/uploads\/sites\/19\/2021\/06\/Hase_Toskana_ReinholdWagner_099a_1280px-640x718.jpg 640w, https:\/\/cms.easyhvs.de\/startfreinew\/wp-content\/uploads\/sites\/19\/2021\/06\/Hase_Toskana_ReinholdWagner_099a_1280px.jpg 1280w\" sizes=\"auto, (max-width: 913px) 100vw, 913px\" \/><\/figure>\n<\/div>\n\n\n\n<div class=\"wp-block-column is-layout-flow wp-block-column-is-layout-flow\" style=\"flex-basis:66.66%\">\n<p>Am Telefon, im Dunkeln, unter Blinden oder R\u00fccken an R\u00fccken beziehungsweise voneinander abgewandt ist kein Verlass auf das Augenlicht, unseren sonst so zuverl\u00e4ssigen 1. Sinn. Jetzt hei\u00dft es \u2013 wohl oder \u00fcbel \u2013, in der Stimme und im Klang die Stimmung seines Gegen\u00fcbers zu erkennen und richtig einzusch\u00e4tzen. Tief, sonor und sanft wirkt eine Stimme meist beruhigend auf uns. H\u00f6he, schrille T\u00f6ne und eine schnelle oder unregelm\u00e4\u00dfige Abfolge von Lauten k\u00f6nnen dagegen richtig nerven und Stress erzeugen. Katzenschnurren versus L\u00f6wengebr\u00fcll \u2013 wem vertraust du eher?<\/p>\n\n\n\n<p>Es kann ein spannendes Experiment werden, einmal ganz bewusst auf den Sehsinn zu verzichten und \u2013 zum Beispiel mit verbundenen Augen oder in einem v\u00f6llig abgedunkelten Zimmer \u2013 auf \u201eEntdeckungsreise\u201c zu gehen. Wie das f\u00fcr die meisten von uns ungewohnte Schreiben und Malen mit der \u201eanderen\u201c Hand, so ben\u00f6tigen wir auch hierf\u00fcr in aller Regel erst einmal ein paar Sekunden Zeit, um uns an die neue, ungewohnte Situation zu gew\u00f6hnen. Mehr und mehr aber sp\u00fcren wir, wie der fehlende Sinn kompensiert wird durch die \u00fcbrigen Sinne, die sonst sehr gerne etwas zu kurz kommen. Pl\u00f6tzlich merken wir, dass wir selbst in vollkommener Dunkelheit zurechtkommen k\u00f6nnen, wenn wir uns darauf einlassen. Mit einem Mal h\u00f6ren wir viel besser und sch\u00e4rfen unsere erlahmten \u00fcbrigen Sinne. Jedes Ger\u00e4usch, jeder noch so leise Atemzug wird analysiert und bewertet. Jede unserer Bewegungen im Raum wird automatisch langsamer. Jeder Schritt wird genauestens abgew\u00e4gt und bewusst gesetzt. Unsere H\u00e4nde \u00fcbernehmen die Abstandskontrolle. Der Tastsinn wird \u00fcberlebenswichtig.<\/p>\n<\/div>\n<\/div>\n\n\n\n<p>Um einmal gr\u00fcndlich vom Alltag abzuschalten, gen\u00fcgt es oft, wenn wir einfach alles ausmachen, was Licht erzeugt. Rolll\u00e4den runter, rein ins Bett und einfach nur in die Stille der Dunkelheit hineinlauschen \u2013 oder sch\u00f6ne Musik h\u00f6ren, ein H\u00f6rspiel, einen Podcast \u2026 \u2013 um sich darauf einzulassen, ben\u00f6tigt es kein Augenlicht. Im Gegenteil: Mit geschlossenen Augen nehmen wir \u00fcber unsere \u00fcbrigen Sinne wesentlich mehr auf \u2013 und das umso intensiver.<\/p>\n\n\n\n<p>Lass dich verf\u00fchren zum Anh\u00f6ren eines meiner Ohrschmeichler, lass dich \u00fcberraschen von der Auswahl meiner musikalischen und H\u00f6rbuch-Empfehlungen, Reportagen und Geschichten aus der Kultur- und Tanzszene oder lass dir etwas aus meinem Fundus vorlesen. Vielleicht lernst du so nochmals ganz neue Seiten an dir kennen. Es w\u00fcrde mich freuen, wenn es mir gel\u00e4nge, deine Inspiration anzuregen und deinen Horizont zu erweitern. Lass es mich wissen, welche Erfahrungen du damit machen konntest \u2026 \u2013 und gib sie gerne weiter.<\/p>\n","protected":false},"excerpt":{"rendered":"<p>Am Telefon, im Dunkeln, unter Blinden oder R\u00fccken an R\u00fccken beziehungsweise voneinander abgewandt ist kein Verlass auf das Augenlicht, unseren sonst so zuverl\u00e4ssigen 1. Sinn. Jetzt hei\u00dft es \u2013 wohl oder \u00fcbel \u2013, in der Stimme und im Klang die Stimmung seines Gegen\u00fcbers zu erkennen und richtig einzusch\u00e4tzen. Tief, sonor und sanft wirkt eine Stimme [&hellip;]<\/p>\n","protected":false},"author":2,"featured_media":0,"parent":0,"menu_order":0,"comment_status":"closed","ping_status":"closed","template":"","meta":{"ocean_post_layout":"","ocean_both_sidebars_style":"","ocean_both_sidebars_content_width":0,"ocean_both_sidebars_sidebars_width":0,"ocean_sidebar":"0","ocean_second_sidebar":"0","ocean_disable_margins":"enable","ocean_add_body_class":"","ocean_shortcode_before_top_bar":"","ocean_shortcode_after_top_bar":"","ocean_shortcode_before_header":"","ocean_shortcode_after_header":"","ocean_has_shortcode":"","ocean_shortcode_after_title":"","ocean_shortcode_before_footer_widgets":"","ocean_shortcode_after_footer_widgets":"","ocean_shortcode_before_footer_bottom":"","ocean_shortcode_after_footer_bottom":"","ocean_display_top_bar":"default","ocean_display_header":"default","ocean_header_style":"","ocean_center_header_left_menu":"0","ocean_custom_header_template":"0","ocean_custom_logo":0,"ocean_custom_retina_logo":0,"ocean_custom_logo_max_width":0,"ocean_custom_logo_tablet_max_width":0,"ocean_custom_logo_mobile_max_width":0,"ocean_custom_logo_max_height":0,"ocean_custom_logo_tablet_max_height":0,"ocean_custom_logo_mobile_max_height":0,"ocean_header_custom_menu":"0","ocean_menu_typo_font_family":"0","ocean_menu_typo_font_subset":"","ocean_menu_typo_font_size":0,"ocean_menu_typo_font_size_tablet":0,"ocean_menu_typo_font_size_mobile":0,"ocean_menu_typo_font_size_unit":"px","ocean_menu_typo_font_weight":"","ocean_menu_typo_font_weight_tablet":"","ocean_menu_typo_font_weight_mobile":"","ocean_menu_typo_transform":"","ocean_menu_typo_transform_tablet":"","ocean_menu_typo_transform_mobile":"","ocean_menu_typo_line_height":0,"ocean_menu_typo_line_height_tablet":0,"ocean_menu_typo_line_height_mobile":0,"ocean_menu_typo_line_height_unit":"","ocean_menu_typo_spacing":0,"ocean_menu_typo_spacing_tablet":0,"ocean_menu_typo_spacing_mobile":0,"ocean_menu_typo_spacing_unit":"","ocean_menu_link_color":"","ocean_menu_link_color_hover":"","ocean_menu_link_color_active":"","ocean_menu_link_background":"","ocean_menu_link_hover_background":"","ocean_menu_link_active_background":"","ocean_menu_social_links_bg":"","ocean_menu_social_hover_links_bg":"","ocean_menu_social_links_color":"","ocean_menu_social_hover_links_color":"","ocean_disable_title":"default","ocean_disable_heading":"default","ocean_post_title":"","ocean_post_subheading":"","ocean_post_title_style":"","ocean_post_title_background_color":"","ocean_post_title_background":0,"ocean_post_title_bg_image_position":"","ocean_post_title_bg_image_attachment":"","ocean_post_title_bg_image_repeat":"","ocean_post_title_bg_image_size":"","ocean_post_title_height":0,"ocean_post_title_bg_overlay":0.5,"ocean_post_title_bg_overlay_color":"","ocean_disable_breadcrumbs":"default","ocean_breadcrumbs_color":"","ocean_breadcrumbs_separator_color":"","ocean_breadcrumbs_links_color":"","ocean_breadcrumbs_links_hover_color":"","ocean_display_footer_widgets":"default","ocean_display_footer_bottom":"default","ocean_custom_footer_template":"0","footnotes":""},"class_list":["post-386","page","type-page","status-publish","hentry","entry"],"yoast_head":"<!-- This site is optimized with the Yoast SEO plugin v27.5 - https:\/\/yoast.com\/product\/yoast-seo-wordpress\/ -->\n<title>H\u00f6r mal ...! - Startfrei.com<\/title>\n<meta name=\"robots\" content=\"index, follow, max-snippet:-1, max-image-preview:large, max-video-preview:-1\" \/>\n<link rel=\"canonical\" href=\"https:\/\/cms.easyhvs.de\/startfreinew\/furs-ohr\/\" \/>\n<meta property=\"og:locale\" content=\"de_DE\" \/>\n<meta property=\"og:type\" content=\"article\" \/>\n<meta property=\"og:title\" content=\"H\u00f6r mal ...! - Startfrei.com\" \/>\n<meta property=\"og:description\" content=\"Am Telefon, im Dunkeln, unter Blinden oder R\u00fccken an R\u00fccken beziehungsweise voneinander abgewandt ist kein Verlass auf das Augenlicht, unseren sonst so zuverl\u00e4ssigen 1. Sinn. Jetzt hei\u00dft es \u2013 wohl oder \u00fcbel \u2013, in der Stimme und im Klang die Stimmung seines Gegen\u00fcbers zu erkennen und richtig einzusch\u00e4tzen. Tief, sonor und sanft wirkt eine Stimme [&hellip;]\" \/>\n<meta property=\"og:url\" content=\"https:\/\/cms.easyhvs.de\/startfreinew\/furs-ohr\/\" \/>\n<meta property=\"og:site_name\" content=\"Startfrei.com\" \/>\n<meta property=\"article:modified_time\" content=\"2023-10-27T09:40:41+00:00\" \/>\n<meta property=\"og:image\" content=\"https:\/\/cms.easyhvs.de\/startfreinew\/wp-content\/uploads\/sites\/19\/2021\/06\/Hase_Toskana_ReinholdWagner_099a_1280px-913x1024.jpg\" \/>\n<meta name=\"twitter:card\" content=\"summary_large_image\" \/>\n<meta name=\"twitter:label1\" content=\"Gesch\u00e4tzte Lesezeit\" \/>\n\t<meta name=\"twitter:data1\" content=\"3\u00a0Minuten\" \/>\n<script type=\"application\/ld+json\" class=\"yoast-schema-graph\">{\"@context\":\"https:\\\/\\\/schema.org\",\"@graph\":[{\"@type\":\"WebPage\",\"@id\":\"https:\\\/\\\/cms.easyhvs.de\\\/startfreinew\\\/furs-ohr\\\/\",\"url\":\"https:\\\/\\\/cms.easyhvs.de\\\/startfreinew\\\/furs-ohr\\\/\",\"name\":\"H\u00f6r mal ...! - Startfrei.com\",\"isPartOf\":{\"@id\":\"https:\\\/\\\/cms.easyhvs.de\\\/startfreinew\\\/#website\"},\"primaryImageOfPage\":{\"@id\":\"https:\\\/\\\/cms.easyhvs.de\\\/startfreinew\\\/furs-ohr\\\/#primaryimage\"},\"image\":{\"@id\":\"https:\\\/\\\/cms.easyhvs.de\\\/startfreinew\\\/furs-ohr\\\/#primaryimage\"},\"thumbnailUrl\":\"https:\\\/\\\/cms.easyhvs.de\\\/startfreinew\\\/wp-content\\\/uploads\\\/sites\\\/19\\\/2021\\\/06\\\/Hase_Toskana_ReinholdWagner_099a_1280px-913x1024.jpg\",\"datePublished\":\"2021-06-21T11:46:38+00:00\",\"dateModified\":\"2023-10-27T09:40:41+00:00\",\"breadcrumb\":{\"@id\":\"https:\\\/\\\/cms.easyhvs.de\\\/startfreinew\\\/furs-ohr\\\/#breadcrumb\"},\"inLanguage\":\"de\",\"potentialAction\":[{\"@type\":\"ReadAction\",\"target\":[\"https:\\\/\\\/cms.easyhvs.de\\\/startfreinew\\\/furs-ohr\\\/\"]}]},{\"@type\":\"ImageObject\",\"inLanguage\":\"de\",\"@id\":\"https:\\\/\\\/cms.easyhvs.de\\\/startfreinew\\\/furs-ohr\\\/#primaryimage\",\"url\":\"https:\\\/\\\/cms.easyhvs.de\\\/startfreinew\\\/wp-content\\\/uploads\\\/sites\\\/19\\\/2021\\\/06\\\/Hase_Toskana_ReinholdWagner_099a_1280px.jpg\",\"contentUrl\":\"https:\\\/\\\/cms.easyhvs.de\\\/startfreinew\\\/wp-content\\\/uploads\\\/sites\\\/19\\\/2021\\\/06\\\/Hase_Toskana_ReinholdWagner_099a_1280px.jpg\",\"width\":1280,\"height\":1435},{\"@type\":\"BreadcrumbList\",\"@id\":\"https:\\\/\\\/cms.easyhvs.de\\\/startfreinew\\\/furs-ohr\\\/#breadcrumb\",\"itemListElement\":[{\"@type\":\"ListItem\",\"position\":1,\"name\":\"Home\",\"item\":\"https:\\\/\\\/cms.easyhvs.de\\\/startfreinew\\\/\"},{\"@type\":\"ListItem\",\"position\":2,\"name\":\"H\u00f6r mal &#8230;!\"}]},{\"@type\":\"WebSite\",\"@id\":\"https:\\\/\\\/cms.easyhvs.de\\\/startfreinew\\\/#website\",\"url\":\"https:\\\/\\\/cms.easyhvs.de\\\/startfreinew\\\/\",\"name\":\"Startfrei.com\",\"description\":\"\",\"publisher\":{\"@id\":\"https:\\\/\\\/cms.easyhvs.de\\\/startfreinew\\\/#organization\"},\"potentialAction\":[{\"@type\":\"SearchAction\",\"target\":{\"@type\":\"EntryPoint\",\"urlTemplate\":\"https:\\\/\\\/cms.easyhvs.de\\\/startfreinew\\\/?s={search_term_string}\"},\"query-input\":{\"@type\":\"PropertyValueSpecification\",\"valueRequired\":true,\"valueName\":\"search_term_string\"}}],\"inLanguage\":\"de\"},{\"@type\":\"Organization\",\"@id\":\"https:\\\/\\\/cms.easyhvs.de\\\/startfreinew\\\/#organization\",\"name\":\"Startfrei.com\",\"url\":\"https:\\\/\\\/cms.easyhvs.de\\\/startfreinew\\\/\",\"logo\":{\"@type\":\"ImageObject\",\"inLanguage\":\"de\",\"@id\":\"https:\\\/\\\/cms.easyhvs.de\\\/startfreinew\\\/#\\\/schema\\\/logo\\\/image\\\/\",\"url\":\"https:\\\/\\\/cms.easyhvs.de\\\/startfreinew\\\/wp-content\\\/uploads\\\/sites\\\/19\\\/2022\\\/02\\\/Logo_startfrei-briefbogen_alt-2.jpg\",\"contentUrl\":\"https:\\\/\\\/cms.easyhvs.de\\\/startfreinew\\\/wp-content\\\/uploads\\\/sites\\\/19\\\/2022\\\/02\\\/Logo_startfrei-briefbogen_alt-2.jpg\",\"width\":322,\"height\":71,\"caption\":\"Startfrei.com\"},\"image\":{\"@id\":\"https:\\\/\\\/cms.easyhvs.de\\\/startfreinew\\\/#\\\/schema\\\/logo\\\/image\\\/\"}}]}<\/script>\n<!-- \/ Yoast SEO plugin. -->","yoast_head_json":{"title":"H\u00f6r mal ...! - Startfrei.com","robots":{"index":"index","follow":"follow","max-snippet":"max-snippet:-1","max-image-preview":"max-image-preview:large","max-video-preview":"max-video-preview:-1"},"canonical":"https:\/\/cms.easyhvs.de\/startfreinew\/furs-ohr\/","og_locale":"de_DE","og_type":"article","og_title":"H\u00f6r mal ...! - Startfrei.com","og_description":"Am Telefon, im Dunkeln, unter Blinden oder R\u00fccken an R\u00fccken beziehungsweise voneinander abgewandt ist kein Verlass auf das Augenlicht, unseren sonst so zuverl\u00e4ssigen 1. Sinn. Jetzt hei\u00dft es \u2013 wohl oder \u00fcbel \u2013, in der Stimme und im Klang die Stimmung seines Gegen\u00fcbers zu erkennen und richtig einzusch\u00e4tzen. Tief, sonor und sanft wirkt eine Stimme [&hellip;]","og_url":"https:\/\/cms.easyhvs.de\/startfreinew\/furs-ohr\/","og_site_name":"Startfrei.com","article_modified_time":"2023-10-27T09:40:41+00:00","og_image":[{"url":"https:\/\/cms.easyhvs.de\/startfreinew\/wp-content\/uploads\/sites\/19\/2021\/06\/Hase_Toskana_ReinholdWagner_099a_1280px-913x1024.jpg","type":"","width":"","height":""}],"twitter_card":"summary_large_image","twitter_misc":{"Gesch\u00e4tzte Lesezeit":"3\u00a0Minuten"},"schema":{"@context":"https:\/\/schema.org","@graph":[{"@type":"WebPage","@id":"https:\/\/cms.easyhvs.de\/startfreinew\/furs-ohr\/","url":"https:\/\/cms.easyhvs.de\/startfreinew\/furs-ohr\/","name":"H\u00f6r mal ...! - Startfrei.com","isPartOf":{"@id":"https:\/\/cms.easyhvs.de\/startfreinew\/#website"},"primaryImageOfPage":{"@id":"https:\/\/cms.easyhvs.de\/startfreinew\/furs-ohr\/#primaryimage"},"image":{"@id":"https:\/\/cms.easyhvs.de\/startfreinew\/furs-ohr\/#primaryimage"},"thumbnailUrl":"https:\/\/cms.easyhvs.de\/startfreinew\/wp-content\/uploads\/sites\/19\/2021\/06\/Hase_Toskana_ReinholdWagner_099a_1280px-913x1024.jpg","datePublished":"2021-06-21T11:46:38+00:00","dateModified":"2023-10-27T09:40:41+00:00","breadcrumb":{"@id":"https:\/\/cms.easyhvs.de\/startfreinew\/furs-ohr\/#breadcrumb"},"inLanguage":"de","potentialAction":[{"@type":"ReadAction","target":["https:\/\/cms.easyhvs.de\/startfreinew\/furs-ohr\/"]}]},{"@type":"ImageObject","inLanguage":"de","@id":"https:\/\/cms.easyhvs.de\/startfreinew\/furs-ohr\/#primaryimage","url":"https:\/\/cms.easyhvs.de\/startfreinew\/wp-content\/uploads\/sites\/19\/2021\/06\/Hase_Toskana_ReinholdWagner_099a_1280px.jpg","contentUrl":"https:\/\/cms.easyhvs.de\/startfreinew\/wp-content\/uploads\/sites\/19\/2021\/06\/Hase_Toskana_ReinholdWagner_099a_1280px.jpg","width":1280,"height":1435},{"@type":"BreadcrumbList","@id":"https:\/\/cms.easyhvs.de\/startfreinew\/furs-ohr\/#breadcrumb","itemListElement":[{"@type":"ListItem","position":1,"name":"Home","item":"https:\/\/cms.easyhvs.de\/startfreinew\/"},{"@type":"ListItem","position":2,"name":"H\u00f6r mal &#8230;!"}]},{"@type":"WebSite","@id":"https:\/\/cms.easyhvs.de\/startfreinew\/#website","url":"https:\/\/cms.easyhvs.de\/startfreinew\/","name":"Startfrei.com","description":"","publisher":{"@id":"https:\/\/cms.easyhvs.de\/startfreinew\/#organization"},"potentialAction":[{"@type":"SearchAction","target":{"@type":"EntryPoint","urlTemplate":"https:\/\/cms.easyhvs.de\/startfreinew\/?s={search_term_string}"},"query-input":{"@type":"PropertyValueSpecification","valueRequired":true,"valueName":"search_term_string"}}],"inLanguage":"de"},{"@type":"Organization","@id":"https:\/\/cms.easyhvs.de\/startfreinew\/#organization","name":"Startfrei.com","url":"https:\/\/cms.easyhvs.de\/startfreinew\/","logo":{"@type":"ImageObject","inLanguage":"de","@id":"https:\/\/cms.easyhvs.de\/startfreinew\/#\/schema\/logo\/image\/","url":"https:\/\/cms.easyhvs.de\/startfreinew\/wp-content\/uploads\/sites\/19\/2022\/02\/Logo_startfrei-briefbogen_alt-2.jpg","contentUrl":"https:\/\/cms.easyhvs.de\/startfreinew\/wp-content\/uploads\/sites\/19\/2022\/02\/Logo_startfrei-briefbogen_alt-2.jpg","width":322,"height":71,"caption":"Startfrei.com"},"image":{"@id":"https:\/\/cms.easyhvs.de\/startfreinew\/#\/schema\/logo\/image\/"}}]}},"_links":{"self":[{"href":"https:\/\/cms.easyhvs.de\/startfreinew\/wp-json\/wp\/v2\/pages\/386","targetHints":{"allow":["GET"]}}],"collection":[{"href":"https:\/\/cms.easyhvs.de\/startfreinew\/wp-json\/wp\/v2\/pages"}],"about":[{"href":"https:\/\/cms.easyhvs.de\/startfreinew\/wp-json\/wp\/v2\/types\/page"}],"author":[{"embeddable":true,"href":"https:\/\/cms.easyhvs.de\/startfreinew\/wp-json\/wp\/v2\/users\/2"}],"replies":[{"embeddable":true,"href":"https:\/\/cms.easyhvs.de\/startfreinew\/wp-json\/wp\/v2\/comments?post=386"}],"version-history":[{"count":4,"href":"https:\/\/cms.easyhvs.de\/startfreinew\/wp-json\/wp\/v2\/pages\/386\/revisions"}],"predecessor-version":[{"id":846,"href":"https:\/\/cms.easyhvs.de\/startfreinew\/wp-json\/wp\/v2\/pages\/386\/revisions\/846"}],"wp:attachment":[{"href":"https:\/\/cms.easyhvs.de\/startfreinew\/wp-json\/wp\/v2\/media?parent=386"}],"curies":[{"name":"wp","href":"https:\/\/api.w.org\/{rel}","templated":true}]}}