{"version":"1.0","provider_name":"regiosalsa","provider_url":"https:\/\/cms.easyhvs.de\/resatest","author_name":"Reinhold Wagner","author_url":"https:\/\/cms.easyhvs.de\/resatest\/author\/wagnerr\/","title":"Videos vom 1-Day-Congress - regiosalsa","type":"rich","width":600,"height":338,"html":"<blockquote class=\"wp-embedded-content\" data-secret=\"lrKo8tBgYj\"><a href=\"https:\/\/cms.easyhvs.de\/resatest\/1-day-congress\/\">Videos vom 1-Day-Congress<\/a><\/blockquote><iframe sandbox=\"allow-scripts\" security=\"restricted\" src=\"https:\/\/cms.easyhvs.de\/resatest\/1-day-congress\/embed\/#?secret=lrKo8tBgYj\" width=\"600\" height=\"338\" title=\"&#8222;Videos vom 1-Day-Congress&#8220; &#8211; regiosalsa\" data-secret=\"lrKo8tBgYj\" frameborder=\"0\" marginwidth=\"0\" marginheight=\"0\" scrolling=\"no\" class=\"wp-embedded-content\"><\/iframe><script>\n\/*! This file is auto-generated *\/\n!function(d,l){\"use strict\";l.querySelector&&d.addEventListener&&\"undefined\"!=typeof URL&&(d.wp=d.wp||{},d.wp.receiveEmbedMessage||(d.wp.receiveEmbedMessage=function(e){var t=e.data;if((t||t.secret||t.message||t.value)&&!\/[^a-zA-Z0-9]\/.test(t.secret)){for(var s,r,n,a=l.querySelectorAll('iframe[data-secret=\"'+t.secret+'\"]'),o=l.querySelectorAll('blockquote[data-secret=\"'+t.secret+'\"]'),c=new RegExp(\"^https?:$\",\"i\"),i=0;i<o.length;i++)o[i].style.display=\"none\";for(i=0;i<a.length;i++)s=a[i],e.source===s.contentWindow&&(s.removeAttribute(\"style\"),\"height\"===t.message?(1e3<(r=parseInt(t.value,10))?r=1e3:~~r<200&&(r=200),s.height=r):\"link\"===t.message&&(r=new URL(s.getAttribute(\"src\")),n=new URL(t.value),c.test(n.protocol))&&n.host===r.host&&l.activeElement===s&&(d.top.location.href=t.value))}},d.addEventListener(\"message\",d.wp.receiveEmbedMessage,!1),l.addEventListener(\"DOMContentLoaded\",function(){for(var e,t,s=l.querySelectorAll(\"iframe.wp-embedded-content\"),r=0;r<s.length;r++)(t=(e=s[r]).getAttribute(\"data-secret\"))||(t=Math.random().toString(36).substring(2,12),e.src+=\"#?secret=\"+t,e.setAttribute(\"data-secret\",t)),e.contentWindow.postMessage({message:\"ready\",secret:t},\"*\")},!1)))}(window,document);\n\/\/# sourceURL=https:\/\/cms.easyhvs.de\/resatest\/wp-includes\/js\/wp-embed.min.js\n<\/script>\n","thumbnail_url":"https:\/\/www.regiosalsa.de\/wp-content\/uploads\/sites\/14\/2025\/12\/Salsa-con-Pasion_1-day-congress-freiburg_2026.jpg","thumbnail_width":2048,"thumbnail_height":1152,"description":"Am 21. M\u00e4rz 2026 brachte der One-Day-Kongress wieder geballte Tanzenergie nach Freiburg! Du warst dabei? Dann wei\u00dft du: Das war wieder legend\u00e4r. Und wenn nicht \u2013 dann ist jetzt der perfekte Moment, dir diese Videos im Nachhinein anzusehen &#8211; oder dich nochmals daran zu erinnern, falls du dabei warst. Du findest eine Auswahl auf Instagram [&hellip;]"}

Am 21. März 2026 brachte der One-Day-Kongress wieder geballte Tanzenergie nach Freiburg! Du warst dabei? Dann weißt du: Das war wieder legendär. Und wenn nicht – dann ist jetzt der perfekte Moment, dir diese Videos im Nachhinein anzusehen &#8211; oder dich nochmals daran zu erinnern, falls du dabei warst. Du findest eine Auswahl auf Instagram [&hellip;]
