{"id":399,"date":"2018-05-25T22:49:33","date_gmt":"2018-05-25T20:49:33","guid":{"rendered":"https:\/\/cms.easyhvs.de\/tcf\/?page_id=399"},"modified":"2021-10-27T10:28:01","modified_gmt":"2021-10-27T08:28:01","slug":"impressum","status":"publish","type":"page","link":"https:\/\/cms.easyhvs.de\/rcc\/impressum\/","title":{"rendered":"Impressum"},"content":{"rendered":"<p><strong>Verantwortlich f\u00fcr den Inhalt:<\/strong><\/p>\n<p>Rueda con Chocolate Freiburg e.V.<br \/>\nDr. Norbert Streckfu\u00df<br \/>\nHansjakobstr. 36<br \/>\n79117 Freiburg<\/p>\n<p>Tel.: 0761-7070385<br \/>\nE-Mail: <a href=\"mailto:info@rcc-freiburg.de\">info@rcc-freiburg.de<\/a><br \/>\nInternet: <a href=\"https:\/\/www.rcc-freiburg.de\">https:\/\/www.rcc-freiburg.de<\/a><\/p>\n<p><strong>Vertretungsberechtigter Vorstand:\u00a0<\/strong> Dr. Norbert Streckfu\u00df (Vorsitzender), Nadja Katthagen (Stellvertretende Vorsitzende), David Haas (Kassenwart)<\/p>\n<p>Registergericht: Amtsgericht Freiburg<br \/>\nRegisternummer: VR 700441<\/p>\n<p><strong>Haftungsausschluss:<\/strong><\/p>\n<p>Trotz sorgf\u00e4ltiger inhaltlicher Kontrolle externer Links \u00fcbernehmen wir f\u00fcr deren Inhalte keine Haftung. F\u00fcr die Inhalte der verlinkten Seiten sind ausschlie\u00dflich deren Betreiber verantwortlich.<\/p>\n","protected":false},"excerpt":{"rendered":"<p>Verantwortlich f\u00fcr den Inhalt: Rueda con Chocolate Freiburg e.V. Dr. Norbert Streckfu\u00df Hansjakobstr. 36 79117 Freiburg Tel.: 0761-7070385 E-Mail: info@rcc-freiburg.de Internet: https:\/\/www.rcc-freiburg.de Vertretungsberechtigter Vorstand:\u00a0 Dr. Norbert Streckfu\u00df (Vorsitzender), Nadja Katthagen (Stellvertretende Vorsitzende), David Haas (Kassenwart) Registergericht: Amtsgericht Freiburg Registernummer: VR 700441 Haftungsausschluss: Trotz sorgf\u00e4ltiger inhaltlicher Kontrolle externer Links \u00fcbernehmen wir f\u00fcr deren Inhalte keine Haftung. [&hellip;]<\/p>\n","protected":false},"author":1,"featured_media":0,"parent":0,"menu_order":0,"comment_status":"closed","ping_status":"closed","template":"","meta":{"ocean_post_layout":"","ocean_both_sidebars_style":"","ocean_both_sidebars_content_width":0,"ocean_both_sidebars_sidebars_width":0,"ocean_sidebar":"0","ocean_second_sidebar":"0","ocean_disable_margins":"enable","ocean_add_body_class":"","ocean_shortcode_before_top_bar":"","ocean_shortcode_after_top_bar":"","ocean_shortcode_before_header":"","ocean_shortcode_after_header":"","ocean_has_shortcode":"","ocean_shortcode_after_title":"","ocean_shortcode_before_footer_widgets":"","ocean_shortcode_after_footer_widgets":"","ocean_shortcode_before_footer_bottom":"","ocean_shortcode_after_footer_bottom":"","ocean_display_top_bar":"default","ocean_display_header":"default","ocean_header_style":"","ocean_center_header_left_menu":"0","ocean_custom_header_template":"0","ocean_custom_logo":0,"ocean_custom_retina_logo":0,"ocean_custom_logo_max_width":0,"ocean_custom_logo_tablet_max_width":0,"ocean_custom_logo_mobile_max_width":0,"ocean_custom_logo_max_height":0,"ocean_custom_logo_tablet_max_height":0,"ocean_custom_logo_mobile_max_height":0,"ocean_header_custom_menu":"0","ocean_menu_typo_font_family":"0","ocean_menu_typo_font_subset":"","ocean_menu_typo_font_size":0,"ocean_menu_typo_font_size_tablet":0,"ocean_menu_typo_font_size_mobile":0,"ocean_menu_typo_font_size_unit":"px","ocean_menu_typo_font_weight":"","ocean_menu_typo_font_weight_tablet":"","ocean_menu_typo_font_weight_mobile":"","ocean_menu_typo_transform":"","ocean_menu_typo_transform_tablet":"","ocean_menu_typo_transform_mobile":"","ocean_menu_typo_line_height":0,"ocean_menu_typo_line_height_tablet":0,"ocean_menu_typo_line_height_mobile":0,"ocean_menu_typo_line_height_unit":"","ocean_menu_typo_spacing":0,"ocean_menu_typo_spacing_tablet":0,"ocean_menu_typo_spacing_mobile":0,"ocean_menu_typo_spacing_unit":"","ocean_menu_link_color":"","ocean_menu_link_color_hover":"","ocean_menu_link_color_active":"","ocean_menu_link_background":"","ocean_menu_link_hover_background":"","ocean_menu_link_active_background":"","ocean_menu_social_links_bg":"","ocean_menu_social_hover_links_bg":"","ocean_menu_social_links_color":"","ocean_menu_social_hover_links_color":"","ocean_disable_title":"default","ocean_disable_heading":"default","ocean_post_title":"","ocean_post_subheading":"","ocean_post_title_style":"","ocean_post_title_background_color":"","ocean_post_title_background":0,"ocean_post_title_bg_image_position":"","ocean_post_title_bg_image_attachment":"","ocean_post_title_bg_image_repeat":"","ocean_post_title_bg_image_size":"","ocean_post_title_height":0,"ocean_post_title_bg_overlay":0.5,"ocean_post_title_bg_overlay_color":"","ocean_disable_breadcrumbs":"default","ocean_breadcrumbs_color":"","ocean_breadcrumbs_separator_color":"","ocean_breadcrumbs_links_color":"","ocean_breadcrumbs_links_hover_color":"","ocean_display_footer_widgets":"default","ocean_display_footer_bottom":"default","ocean_custom_footer_template":"0","footnotes":""},"class_list":["post-399","page","type-page","status-publish","hentry","entry"],"yoast_head":"<!-- This site is optimized with the Yoast SEO plugin v27.5 - https:\/\/yoast.com\/product\/yoast-seo-wordpress\/ -->\n<title>Impressum - Rueda con Chocolate Freiburg e.V.<\/title>\n<meta name=\"robots\" content=\"index, follow, max-snippet:-1, max-image-preview:large, max-video-preview:-1\" \/>\n<link rel=\"canonical\" href=\"https:\/\/cms.easyhvs.de\/rcc\/impressum\/\" \/>\n<meta property=\"og:locale\" content=\"en_US\" \/>\n<meta property=\"og:type\" content=\"article\" \/>\n<meta property=\"og:title\" content=\"Impressum - Rueda con Chocolate Freiburg e.V.\" \/>\n<meta property=\"og:description\" content=\"Verantwortlich f\u00fcr den Inhalt: Rueda con Chocolate Freiburg e.V. Dr. Norbert Streckfu\u00df Hansjakobstr. 36 79117 Freiburg Tel.: 0761-7070385 E-Mail: info@rcc-freiburg.de Internet: https:\/\/www.rcc-freiburg.de Vertretungsberechtigter Vorstand:\u00a0 Dr. Norbert Streckfu\u00df (Vorsitzender), Nadja Katthagen (Stellvertretende Vorsitzende), David Haas (Kassenwart) Registergericht: Amtsgericht Freiburg Registernummer: VR 700441 Haftungsausschluss: Trotz sorgf\u00e4ltiger inhaltlicher Kontrolle externer Links \u00fcbernehmen wir f\u00fcr deren Inhalte keine Haftung. [&hellip;]\" \/>\n<meta property=\"og:url\" content=\"https:\/\/cms.easyhvs.de\/rcc\/impressum\/\" \/>\n<meta property=\"og:site_name\" content=\"Rueda con Chocolate Freiburg e.V.\" \/>\n<meta property=\"article:modified_time\" content=\"2021-10-27T08:28:01+00:00\" \/>\n<meta name=\"twitter:card\" content=\"summary_large_image\" \/>\n<script type=\"application\/ld+json\" class=\"yoast-schema-graph\">{\"@context\":\"https:\\\/\\\/schema.org\",\"@graph\":[{\"@type\":\"WebPage\",\"@id\":\"https:\\\/\\\/cms.easyhvs.de\\\/rcc\\\/impressum\\\/\",\"url\":\"https:\\\/\\\/cms.easyhvs.de\\\/rcc\\\/impressum\\\/\",\"name\":\"Impressum - Rueda con Chocolate Freiburg e.V.\",\"isPartOf\":{\"@id\":\"https:\\\/\\\/www.rcc-freiburg.de\\\/#website\"},\"datePublished\":\"2018-05-25T20:49:33+00:00\",\"dateModified\":\"2021-10-27T08:28:01+00:00\",\"breadcrumb\":{\"@id\":\"https:\\\/\\\/cms.easyhvs.de\\\/rcc\\\/impressum\\\/#breadcrumb\"},\"inLanguage\":\"en-US\",\"potentialAction\":[{\"@type\":\"ReadAction\",\"target\":[\"https:\\\/\\\/cms.easyhvs.de\\\/rcc\\\/impressum\\\/\"]}]},{\"@type\":\"BreadcrumbList\",\"@id\":\"https:\\\/\\\/cms.easyhvs.de\\\/rcc\\\/impressum\\\/#breadcrumb\",\"itemListElement\":[{\"@type\":\"ListItem\",\"position\":1,\"name\":\"Home\",\"item\":\"https:\\\/\\\/www.rcc-freiburg.de\\\/\"},{\"@type\":\"ListItem\",\"position\":2,\"name\":\"Impressum\"}]},{\"@type\":\"WebSite\",\"@id\":\"https:\\\/\\\/www.rcc-freiburg.de\\\/#website\",\"url\":\"https:\\\/\\\/www.rcc-freiburg.de\\\/\",\"name\":\"Rueda con Chocolate Freiburg e.V.\",\"description\":\"\",\"publisher\":{\"@id\":\"https:\\\/\\\/www.rcc-freiburg.de\\\/#organization\"},\"potentialAction\":[{\"@type\":\"SearchAction\",\"target\":{\"@type\":\"EntryPoint\",\"urlTemplate\":\"https:\\\/\\\/www.rcc-freiburg.de\\\/?s={search_term_string}\"},\"query-input\":{\"@type\":\"PropertyValueSpecification\",\"valueRequired\":true,\"valueName\":\"search_term_string\"}}],\"inLanguage\":\"en-US\"},{\"@type\":\"Organization\",\"@id\":\"https:\\\/\\\/www.rcc-freiburg.de\\\/#organization\",\"name\":\"Rueda con Chocolate Freiburg e.V.\",\"url\":\"https:\\\/\\\/www.rcc-freiburg.de\\\/\",\"logo\":{\"@type\":\"ImageObject\",\"inLanguage\":\"en-US\",\"@id\":\"https:\\\/\\\/www.rcc-freiburg.de\\\/#\\\/schema\\\/logo\\\/image\\\/\",\"url\":\"https:\\\/\\\/cms.easyhvs.de\\\/rcc\\\/wp-content\\\/uploads\\\/sites\\\/10\\\/2021\\\/10\\\/cropped-IMG_20211028_010724.jpg\",\"contentUrl\":\"https:\\\/\\\/cms.easyhvs.de\\\/rcc\\\/wp-content\\\/uploads\\\/sites\\\/10\\\/2021\\\/10\\\/cropped-IMG_20211028_010724.jpg\",\"width\":1368,\"height\":470,\"caption\":\"Rueda con Chocolate Freiburg e.V.\"},\"image\":{\"@id\":\"https:\\\/\\\/www.rcc-freiburg.de\\\/#\\\/schema\\\/logo\\\/image\\\/\"}}]}<\/script>\n<!-- \/ Yoast SEO plugin. -->","yoast_head_json":{"title":"Impressum - Rueda con Chocolate Freiburg e.V.","robots":{"index":"index","follow":"follow","max-snippet":"max-snippet:-1","max-image-preview":"max-image-preview:large","max-video-preview":"max-video-preview:-1"},"canonical":"https:\/\/cms.easyhvs.de\/rcc\/impressum\/","og_locale":"en_US","og_type":"article","og_title":"Impressum - Rueda con Chocolate Freiburg e.V.","og_description":"Verantwortlich f\u00fcr den Inhalt: Rueda con Chocolate Freiburg e.V. Dr. Norbert Streckfu\u00df Hansjakobstr. 36 79117 Freiburg Tel.: 0761-7070385 E-Mail: info@rcc-freiburg.de Internet: https:\/\/www.rcc-freiburg.de Vertretungsberechtigter Vorstand:\u00a0 Dr. Norbert Streckfu\u00df (Vorsitzender), Nadja Katthagen (Stellvertretende Vorsitzende), David Haas (Kassenwart) Registergericht: Amtsgericht Freiburg Registernummer: VR 700441 Haftungsausschluss: Trotz sorgf\u00e4ltiger inhaltlicher Kontrolle externer Links \u00fcbernehmen wir f\u00fcr deren Inhalte keine Haftung. [&hellip;]","og_url":"https:\/\/cms.easyhvs.de\/rcc\/impressum\/","og_site_name":"Rueda con Chocolate Freiburg e.V.","article_modified_time":"2021-10-27T08:28:01+00:00","twitter_card":"summary_large_image","schema":{"@context":"https:\/\/schema.org","@graph":[{"@type":"WebPage","@id":"https:\/\/cms.easyhvs.de\/rcc\/impressum\/","url":"https:\/\/cms.easyhvs.de\/rcc\/impressum\/","name":"Impressum - Rueda con Chocolate Freiburg e.V.","isPartOf":{"@id":"https:\/\/www.rcc-freiburg.de\/#website"},"datePublished":"2018-05-25T20:49:33+00:00","dateModified":"2021-10-27T08:28:01+00:00","breadcrumb":{"@id":"https:\/\/cms.easyhvs.de\/rcc\/impressum\/#breadcrumb"},"inLanguage":"en-US","potentialAction":[{"@type":"ReadAction","target":["https:\/\/cms.easyhvs.de\/rcc\/impressum\/"]}]},{"@type":"BreadcrumbList","@id":"https:\/\/cms.easyhvs.de\/rcc\/impressum\/#breadcrumb","itemListElement":[{"@type":"ListItem","position":1,"name":"Home","item":"https:\/\/www.rcc-freiburg.de\/"},{"@type":"ListItem","position":2,"name":"Impressum"}]},{"@type":"WebSite","@id":"https:\/\/www.rcc-freiburg.de\/#website","url":"https:\/\/www.rcc-freiburg.de\/","name":"Rueda con Chocolate Freiburg e.V.","description":"","publisher":{"@id":"https:\/\/www.rcc-freiburg.de\/#organization"},"potentialAction":[{"@type":"SearchAction","target":{"@type":"EntryPoint","urlTemplate":"https:\/\/www.rcc-freiburg.de\/?s={search_term_string}"},"query-input":{"@type":"PropertyValueSpecification","valueRequired":true,"valueName":"search_term_string"}}],"inLanguage":"en-US"},{"@type":"Organization","@id":"https:\/\/www.rcc-freiburg.de\/#organization","name":"Rueda con Chocolate Freiburg e.V.","url":"https:\/\/www.rcc-freiburg.de\/","logo":{"@type":"ImageObject","inLanguage":"en-US","@id":"https:\/\/www.rcc-freiburg.de\/#\/schema\/logo\/image\/","url":"https:\/\/cms.easyhvs.de\/rcc\/wp-content\/uploads\/sites\/10\/2021\/10\/cropped-IMG_20211028_010724.jpg","contentUrl":"https:\/\/cms.easyhvs.de\/rcc\/wp-content\/uploads\/sites\/10\/2021\/10\/cropped-IMG_20211028_010724.jpg","width":1368,"height":470,"caption":"Rueda con Chocolate Freiburg e.V."},"image":{"@id":"https:\/\/www.rcc-freiburg.de\/#\/schema\/logo\/image\/"}}]}},"_links":{"self":[{"href":"https:\/\/cms.easyhvs.de\/rcc\/wp-json\/wp\/v2\/pages\/399","targetHints":{"allow":["GET"]}}],"collection":[{"href":"https:\/\/cms.easyhvs.de\/rcc\/wp-json\/wp\/v2\/pages"}],"about":[{"href":"https:\/\/cms.easyhvs.de\/rcc\/wp-json\/wp\/v2\/types\/page"}],"author":[{"embeddable":true,"href":"https:\/\/cms.easyhvs.de\/rcc\/wp-json\/wp\/v2\/users\/1"}],"replies":[{"embeddable":true,"href":"https:\/\/cms.easyhvs.de\/rcc\/wp-json\/wp\/v2\/comments?post=399"}],"version-history":[{"count":4,"href":"https:\/\/cms.easyhvs.de\/rcc\/wp-json\/wp\/v2\/pages\/399\/revisions"}],"predecessor-version":[{"id":767,"href":"https:\/\/cms.easyhvs.de\/rcc\/wp-json\/wp\/v2\/pages\/399\/revisions\/767"}],"wp:attachment":[{"href":"https:\/\/cms.easyhvs.de\/rcc\/wp-json\/wp\/v2\/media?parent=399"}],"curies":[{"name":"wp","href":"https:\/\/api.w.org\/{rel}","templated":true}]}}