{"id":274,"date":"2021-02-23T16:37:19","date_gmt":"2021-02-23T15:37:19","guid":{"rendered":"https:\/\/cms.easyhvs.de\/kuhnlegmbh\/?page_id=274"},"modified":"2022-01-14T11:27:03","modified_gmt":"2022-01-14T11:27:03","slug":"schneiden","status":"publish","type":"page","link":"https:\/\/cms.easyhvs.de\/kuhnlegmbhdev\/schneiden\/","title":{"rendered":"3D Plasma- und Laserschneiden von Rohren"},"content":{"rendered":"[fsn_column width=&#8221;6&#8243; column_style=&#8221;light&#8221; padding=&#8221;{#fsnquot;bottom#fsnquot;:#fsnquot;10px#fsnquot;}&#8221;][fsn_image image_id=&#8221;496&#8243; image_align=&#8221;align-center&#8221; image_style=&#8221;img-default&#8221; image_size=&#8221;full&#8221;][\/fsn_image][\/fsn_column][fsn_column width=&#8221;6&#8243; style=&#8221;&#8221; column_style=&#8221;light&#8221; padding=&#8221;{#fsnquot;bottom#fsnquot;:#fsnquot;10px#fsnquot;}&#8221;][fsn_image image_align=&#8221;align-none&#8221; image_style=&#8221;img-default&#8221; image_id=&#8221;497&#8243; image_size=&#8221;full&#8221;][\/fsn_image][\/fsn_column][\/fsn_row][fsn_row][fsn_column width=&#8221;12&#8243; style=&#8221;&#8221; column_style=&#8221;light&#8221;][fsn_text padding=&#8221;{#fsnquot;top#fsnquot;:#fsnquot;30px#fsnquot;}&#8221;]\n<h4><strong>3D \u2013 Rohrlaserschneiden<\/strong><\/h4>\n[\/fsn_text][fsn_text]\n<table id=\"resp\">\n<tbody>\n<tr>\n<td width=\"30%\">Werkstoffe:<\/td>\n<td colspan=\"2\">S 235, S 355, Edelstahl, <span style=\"color: #ff0000\">Sonderwerkstoffe auf Anfrage<\/span><\/td>\n<\/tr>\n<tr>\n<td><\/td>\n<td colspan=\"2\">Edelstahl-G\u00fcten<\/td>\n<\/tr>\n<tr>\n<td>Maximale Fertigungsl\u00e4ngen:<\/td>\n<td colspan=\"2\">8.500 mm<\/td>\n<\/tr>\n<tr>\n<td>H\u00fcllkreis-Durchmesser:<\/td>\n<td>Rundrohr:<\/td>\n<td><span style=\"color: #ff0000\">D = 20 mm bis D = 323,9 mm<\/span><\/td>\n<\/tr>\n<tr>\n<td><\/td>\n<td>Rechteck-\/ Quadratrohre:<\/td>\n<td>max. 300\/300 mm<\/td>\n<\/tr>\n<tr>\n<td>Wandst\u00e4rken:<\/td>\n<td>Stahl:<\/td>\n<td>1,0 mm bis 16 mm<\/td>\n<\/tr>\n<tr>\n<td><\/td>\n<td>Edelstahl:<\/td>\n<td>1,0 mm bis 6,0 mm<\/td>\n<\/tr>\n<tr>\n<td>Rohrlaserschneiden:<\/td>\n<td colspan=\"2\">Schwei\u00dfnahtvorbereitung an den Rohren m\u00f6glich!<\/td>\n<\/tr>\n<tr>\n<td><\/td>\n<td colspan=\"2\">Pos-Markierung \u2013 durch Laser Gravur<\/td>\n<\/tr>\n<\/tbody>\n<\/table>\n[\/fsn_text][fsn_text padding=&#8221;{#fsnquot;top#fsnquot;:#fsnquot;30px#fsnquot;}&#8221;]\n<h4><strong>3D \u2013 Rohrlaserschneiden bei gebogenen Rohren<\/strong><\/h4>\n[\/fsn_text][fsn_text]\n<table id=\"resp\">\n<tbody>\n<tr>\n<td width=\"30%\">Werkstoffe:<\/td>\n<td colspan=\"2\"><span style=\"color: #ff0000\">S 235, S 355, Edelstahl, andere Werkstoffe auf Anfrage<\/span><\/td>\n<\/tr>\n<tr>\n<td>Maximale Fertigungsl\u00e4ngen:<\/td>\n<td colspan=\"2\">6.000 mm<\/td>\n<\/tr>\n<tr>\n<td>Abmessungen:<\/td>\n<td colspan=\"2\"><span style=\"color: #ff0000\">bis Durchmesser: 219,1&nbsp;mm<\/span><\/td>\n<\/tr>\n<tr>\n<td>Materialst\u00e4rken :<\/td>\n<td>Stahl:<\/td>\n<td><span style=\"color: #000000\">8&nbsp;mm bis 10&nbsp;mm, abh\u00e4ngig von den Biegungen<\/span><\/td>\n<\/tr>\n<tr>\n<td><\/td>\n<td>Edelstahl:<\/td>\n<td>6&nbsp;mm bis 10&nbsp;mm, abh\u00e4ngig von den Biegungen<\/td>\n<\/tr>\n<\/tbody>\n<\/table>\n[\/fsn_text][fsn_text padding=&#8221;{#fsnquot;top#fsnquot;:#fsnquot;30px#fsnquot;}&#8221;]\n<h4><strong>Rohrpofil \u2013 Brennschneiden mit 3D gesteuertem Brennkopf<\/strong><br \/>\n<strong>Termisches Trennen der Rundrohre mit Plasma oder Autogen<\/strong><\/h4>\n[\/fsn_text][fsn_text]\n<table id=\"resp\">\n<tbody>\n<tr>\n<td width=\"30%\">Werkstoffe:<\/td>\n<td colspan=\"2\">S 235, S 355, Edelstahl, Sonderwerkstoffe auf Anfrage<\/td>\n<\/tr>\n<tr>\n<td>Maximale Fertigungsl\u00e4ngen:<\/td>\n<td colspan=\"2\">15.000 mm<\/td>\n<\/tr>\n<tr>\n<td>Au\u00dfendurchmesser:<\/td>\n<td colspan=\"2\"><span style=\"color: #ff0000\">von D = 88,9 bis D&nbsp;=&nbsp;1220&nbsp;mm<\/span><\/td>\n<\/tr>\n<tr>\n<td>Wandst\u00e4rken:<\/td>\n<td width=\"15%\">Stahl:<\/td>\n<td><span style=\"color: #000000\">bis 60 mm<\/span><\/td>\n<\/tr>\n<tr>\n<td><\/td>\n<td>Edelstahl:<\/td>\n<td><span style=\"color: #ff0000\">bis 20 mm<\/span><\/td>\n<\/tr>\n<\/tbody>\n<\/table>\n[\/fsn_text][\/fsn_column][\/fsn_row][fsn_row][fsn_column width=&#8221;12&#8243;][fsn_text padding=&#8221;{#fsnquot;top#fsnquot;:#fsnquot;30px#fsnquot;,#fsnquot;bottom#fsnquot;:#fsnquot;15px#fsnquot;}&#8221;]\n<h4><strong>Laserverschneidungen \u2013 Beispiele<\/strong><\/h4>\n[\/fsn_text][fsn_image image_id=&#8221;594&#8243; image_size=&#8221;full&#8221; image_align=&#8221;align-none&#8221; image_style=&#8221;img-default&#8221; padding=&#8221;{#fsnquot;bottom#fsnquot;:#fsnquot;20px#fsnquot;}&#8221;][\/fsn_image][fsn_image image_id=&#8221;597&#8243; image_size=&#8221;full&#8221; image_align=&#8221;align-none&#8221; image_style=&#8221;img-default&#8221; padding=&#8221;{#fsnquot;bottom#fsnquot;:#fsnquot;11px#fsnquot;}&#8221;][\/fsn_image][fsn_image image_id=&#8221;603&#8243; image_size=&#8221;full&#8221; image_align=&#8221;align-none&#8221; image_style=&#8221;img-default&#8221; padding=&#8221;{#fsnquot;bottom#fsnquot;:#fsnquot;11px#fsnquot;}&#8221;][\/fsn_image][fsn_image image_id=&#8221;604&#8243; image_size=&#8221;full&#8221; image_align=&#8221;align-none&#8221; image_style=&#8221;img-default&#8221; padding=&#8221;{#fsnquot;bottom#fsnquot;:#fsnquot;20px#fsnquot;}&#8221;][\/fsn_image][\/fsn_column][\/fsn_row][fsn_row][fsn_column width=&#8221;12&#8243;][fsn_text padding=&#8221;{#fsnquot;top#fsnquot;:#fsnquot;30px#fsnquot;,#fsnquot;bottom#fsnquot;:#fsnquot;15px#fsnquot;}&#8221;]\n<h4>Thermisches Trennen der Rundrohre mit Plasma oder Autogen \u2013 Beispiele<\/h4>\n[\/fsn_text][\/fsn_column][\/fsn_row][fsn_row][fsn_column width=&#8221;6&#8243;][fsn_image image_id=&#8221;622&#8243; image_size=&#8221;full&#8221; image_align=&#8221;align-none&#8221; image_style=&#8221;img-default&#8221; padding=&#8221;{#fsnquot;bottom#fsnquot;:#fsnquot;11px#fsnquot;}&#8221;][\/fsn_image][\/fsn_column][fsn_column width=&#8221;6&#8243;][fsn_image image_id=&#8221;621&#8243; image_size=&#8221;full&#8221; image_align=&#8221;align-none&#8221; image_style=&#8221;img-default&#8221; padding=&#8221;{#fsnquot;bottom#fsnquot;:#fsnquot;10px#fsnquot;}&#8221;][\/fsn_image][\/fsn_column][\/fsn_row][fsn_row][fsn_column width=&#8221;12&#8243; style=&#8221;&#8221;][fsn_image image_id=&#8221;605&#8243; image_size=&#8221;full&#8221; image_align=&#8221;align-none&#8221; image_style=&#8221;img-default&#8221; padding=&#8221;{#fsnquot;bottom#fsnquot;:#fsnquot;11px#fsnquot;}&#8221;][\/fsn_image][\/fsn_column][\/fsn_row][fsn_row row_width=&#8221;container&#8221; row_style=&#8221;light&#8221; background_repeat=&#8221;repeat&#8221; background_position=&#8221;left top&#8221; background_attachment=&#8221;scroll&#8221; background_size=&#8221;auto&#8221; background_image_xs=&#8221;show&#8221;][fsn_column width=&#8221;6&#8243; column_style=&#8221;light&#8221;][fsn_image image_id=&#8221;606&#8243; image_size=&#8221;full&#8221; image_align=&#8221;align-none&#8221; image_style=&#8221;img-default&#8221; padding=&#8221;{#fsnquot;bottom#fsnquot;:#fsnquot;10px#fsnquot;}&#8221;][\/fsn_image][\/fsn_column][fsn_column width=&#8221;6&#8243;][fsn_image image_id=&#8221;607&#8243; image_size=&#8221;full&#8221; image_align=&#8221;align-none&#8221; image_style=&#8221;img-default&#8221; padding=&#8221;{#fsnquot;bottom#fsnquot;:#fsnquot;11px#fsnquot;}&#8221;][\/fsn_image][\/fsn_column][\/fsn_row][fsn_row][fsn_column width=&#8221;12&#8243; column_style=&#8221;light&#8221;][fsn_text padding=&#8221;{#fsnquot;bottom#fsnquot;:#fsnquot;10px#fsnquot;}&#8221;]\n<p><a class=\"textmain\" href=\"https:\/\/cms.easyhvs.de\/kuhnlegmbhdev\/galerie-schneiden\/\">Galerie Schneiden<\/a><\/p>\n","protected":false},"excerpt":{"rendered":"<p>[fsn_column width=&#8221;6&#8243; column_style=&#8221;light&#8221; padding=&#8221;{#fsnquot;bottom#fsnquot;:#fsnquot;10px#fsnquot;}&#8221;][fsn_image image_id=&#8221;496&#8243; image_align=&#8221;align-center&#8221; image_style=&#8221;img-default&#8221; image_size=&#8221;full&#8221;][\/fsn_image][\/fsn_column][fsn_column width=&#8221;6&#8243; style=&#8221;&#8221; column_style=&#8221;light&#8221; padding=&#8221;{#fsnquot;bottom#fsnquot;:#fsnquot;10px#fsnquot;}&#8221;][fsn_image image_align=&#8221;align-none&#8221; image_style=&#8221;img-default&#8221; image_id=&#8221;497&#8243; image_size=&#8221;full&#8221;][\/fsn_image][\/fsn_column][\/fsn_row][fsn_row][fsn_column width=&#8221;12&#8243; style=&#8221;&#8221; column_style=&#8221;light&#8221;][fsn_text padding=&#8221;{#fsnquot;top#fsnquot;:#fsnquot;30px#fsnquot;}&#8221;] 3D \u2013 Rohrlaserschneiden [\/fsn_text][fsn_text] Werkstoffe: S 235, S 355, Edelstahl, Sonderwerkstoffe auf Anfrage Edelstahl-G\u00fcten Maximale Fertigungsl\u00e4ngen: 8.500 mm H\u00fcllkreis-Durchmesser: Rundrohr: D = 20 mm bis D = 323,9 mm Rechteck-\/ Quadratrohre: max. 300\/300 mm Wandst\u00e4rken: [&hellip;]<\/p>\n","protected":false},"author":2,"featured_media":0,"parent":0,"menu_order":0,"comment_status":"closed","ping_status":"closed","template":"","meta":{"ocean_post_layout":"","ocean_both_sidebars_style":"","ocean_both_sidebars_content_width":0,"ocean_both_sidebars_sidebars_width":0,"ocean_sidebar":"0","ocean_second_sidebar":"0","ocean_disable_margins":"enable","ocean_add_body_class":"","ocean_shortcode_before_top_bar":"","ocean_shortcode_after_top_bar":"","ocean_shortcode_before_header":"","ocean_shortcode_after_header":"","ocean_has_shortcode":"","ocean_shortcode_after_title":"","ocean_shortcode_before_footer_widgets":"","ocean_shortcode_after_footer_widgets":"","ocean_shortcode_before_footer_bottom":"","ocean_shortcode_after_footer_bottom":"","ocean_display_top_bar":"default","ocean_display_header":"default","ocean_header_style":"","ocean_center_header_left_menu":"0","ocean_custom_header_template":"0","ocean_custom_logo":0,"ocean_custom_retina_logo":0,"ocean_custom_logo_max_width":0,"ocean_custom_logo_tablet_max_width":0,"ocean_custom_logo_mobile_max_width":0,"ocean_custom_logo_max_height":0,"ocean_custom_logo_tablet_max_height":0,"ocean_custom_logo_mobile_max_height":0,"ocean_header_custom_menu":"0","ocean_menu_typo_font_family":"0","ocean_menu_typo_font_subset":"","ocean_menu_typo_font_size":0,"ocean_menu_typo_font_size_tablet":0,"ocean_menu_typo_font_size_mobile":0,"ocean_menu_typo_font_size_unit":"px","ocean_menu_typo_font_weight":"","ocean_menu_typo_font_weight_tablet":"","ocean_menu_typo_font_weight_mobile":"","ocean_menu_typo_transform":"","ocean_menu_typo_transform_tablet":"","ocean_menu_typo_transform_mobile":"","ocean_menu_typo_line_height":0,"ocean_menu_typo_line_height_tablet":0,"ocean_menu_typo_line_height_mobile":0,"ocean_menu_typo_line_height_unit":"","ocean_menu_typo_spacing":0,"ocean_menu_typo_spacing_tablet":0,"ocean_menu_typo_spacing_mobile":0,"ocean_menu_typo_spacing_unit":"","ocean_menu_link_color":"","ocean_menu_link_color_hover":"","ocean_menu_link_color_active":"","ocean_menu_link_background":"","ocean_menu_link_hover_background":"","ocean_menu_link_active_background":"","ocean_menu_social_links_bg":"","ocean_menu_social_hover_links_bg":"","ocean_menu_social_links_color":"","ocean_menu_social_hover_links_color":"","ocean_disable_title":"default","ocean_disable_heading":"default","ocean_post_title":"","ocean_post_subheading":"","ocean_post_title_style":"","ocean_post_title_background_color":"","ocean_post_title_background":0,"ocean_post_title_bg_image_position":"","ocean_post_title_bg_image_attachment":"","ocean_post_title_bg_image_repeat":"","ocean_post_title_bg_image_size":"","ocean_post_title_height":0,"ocean_post_title_bg_overlay":0.5,"ocean_post_title_bg_overlay_color":"","ocean_disable_breadcrumbs":"default","ocean_breadcrumbs_color":"","ocean_breadcrumbs_separator_color":"","ocean_breadcrumbs_links_color":"","ocean_breadcrumbs_links_hover_color":"","ocean_display_footer_widgets":"default","ocean_display_footer_bottom":"default","ocean_custom_footer_template":"0","footnotes":""},"class_list":["post-274","page","type-page","status-publish","hentry","entry"],"yoast_head":"<!-- This site is optimized with the Yoast SEO plugin v27.5 - https:\/\/yoast.com\/product\/yoast-seo-wordpress\/ -->\n<title>3D Plasma- und Laserschneiden von Rohren - Kuhnle Gmbh<\/title>\n<meta name=\"description\" content=\"Wir k\u00f6nnen 3D Rohrlaserschneidungen vornehmen, an Stahl\/ Edelstahl, ob rund oder eckig, gerade oder gebogen. Brennschneiden mit 3D gesteuertem Brennkopf. Thermisches TRennen der Rundrohre mit Plasma oder Autogen.\" \/>\n<meta name=\"robots\" content=\"index, follow, max-snippet:-1, max-image-preview:large, max-video-preview:-1\" \/>\n<link rel=\"canonical\" href=\"https:\/\/cms.easyhvs.de\/kuhnlegmbhdev\/schneiden\/\" \/>\n<meta property=\"og:locale\" content=\"en_US\" \/>\n<meta property=\"og:type\" content=\"article\" \/>\n<meta property=\"og:title\" content=\"3D Plasma- und Laserschneiden von Rohren - Kuhnle Gmbh\" \/>\n<meta property=\"og:description\" content=\"Wir k\u00f6nnen 3D Rohrlaserschneidungen vornehmen, an Stahl\/ Edelstahl, ob rund oder eckig, gerade oder gebogen. Brennschneiden mit 3D gesteuertem Brennkopf. Thermisches TRennen der Rundrohre mit Plasma oder Autogen.\" \/>\n<meta property=\"og:url\" content=\"https:\/\/cms.easyhvs.de\/kuhnlegmbhdev\/schneiden\/\" \/>\n<meta property=\"og:site_name\" content=\"Kuhnle Gmbh\" \/>\n<meta property=\"article:modified_time\" content=\"2022-01-14T11:27:03+00:00\" \/>\n<meta name=\"twitter:card\" content=\"summary_large_image\" \/>\n<meta name=\"twitter:label1\" content=\"Est. reading time\" \/>\n\t<meta name=\"twitter:data1\" content=\"2 minutes\" \/>\n<script type=\"application\/ld+json\" class=\"yoast-schema-graph\">{\"@context\":\"https:\\\/\\\/schema.org\",\"@graph\":[{\"@type\":\"WebPage\",\"@id\":\"https:\\\/\\\/cms.easyhvs.de\\\/kuhnlegmbhdev\\\/schneiden\\\/\",\"url\":\"https:\\\/\\\/cms.easyhvs.de\\\/kuhnlegmbhdev\\\/schneiden\\\/\",\"name\":\"3D Plasma- und Laserschneiden von Rohren - Kuhnle Gmbh\",\"isPartOf\":{\"@id\":\"https:\\\/\\\/cms.easyhvs.de\\\/kuhnlegmbhdev\\\/#website\"},\"datePublished\":\"2021-02-23T15:37:19+00:00\",\"dateModified\":\"2022-01-14T11:27:03+00:00\",\"description\":\"Wir k\u00f6nnen 3D Rohrlaserschneidungen vornehmen, an Stahl\\\/ Edelstahl, ob rund oder eckig, gerade oder gebogen. Brennschneiden mit 3D gesteuertem Brennkopf. Thermisches TRennen der Rundrohre mit Plasma oder Autogen.\",\"breadcrumb\":{\"@id\":\"https:\\\/\\\/cms.easyhvs.de\\\/kuhnlegmbhdev\\\/schneiden\\\/#breadcrumb\"},\"inLanguage\":\"en-US\",\"potentialAction\":[{\"@type\":\"ReadAction\",\"target\":[\"https:\\\/\\\/cms.easyhvs.de\\\/kuhnlegmbhdev\\\/schneiden\\\/\"]}]},{\"@type\":\"BreadcrumbList\",\"@id\":\"https:\\\/\\\/cms.easyhvs.de\\\/kuhnlegmbhdev\\\/schneiden\\\/#breadcrumb\",\"itemListElement\":[{\"@type\":\"ListItem\",\"position\":1,\"name\":\"Home\",\"item\":\"https:\\\/\\\/kuhnlegmbh.de\\\/\"},{\"@type\":\"ListItem\",\"position\":2,\"name\":\"3D Plasma- und Laserschneiden von Rohren\"}]},{\"@type\":\"WebSite\",\"@id\":\"https:\\\/\\\/cms.easyhvs.de\\\/kuhnlegmbhdev\\\/#website\",\"url\":\"https:\\\/\\\/cms.easyhvs.de\\\/kuhnlegmbhdev\\\/\",\"name\":\"Kuhnle Gmbh\",\"description\":\"Biegen und Walzen von Stahlprofilen, Rohren und Blechen, sowie Rohr-Laserschneiden\",\"publisher\":{\"@id\":\"https:\\\/\\\/cms.easyhvs.de\\\/kuhnlegmbhdev\\\/#organization\"},\"potentialAction\":[{\"@type\":\"SearchAction\",\"target\":{\"@type\":\"EntryPoint\",\"urlTemplate\":\"https:\\\/\\\/cms.easyhvs.de\\\/kuhnlegmbhdev\\\/?s={search_term_string}\"},\"query-input\":{\"@type\":\"PropertyValueSpecification\",\"valueRequired\":true,\"valueName\":\"search_term_string\"}}],\"inLanguage\":\"en-US\"},{\"@type\":\"Organization\",\"@id\":\"https:\\\/\\\/cms.easyhvs.de\\\/kuhnlegmbhdev\\\/#organization\",\"name\":\"Kuhnle Gmbh\",\"url\":\"https:\\\/\\\/cms.easyhvs.de\\\/kuhnlegmbhdev\\\/\",\"logo\":{\"@type\":\"ImageObject\",\"inLanguage\":\"en-US\",\"@id\":\"https:\\\/\\\/cms.easyhvs.de\\\/kuhnlegmbhdev\\\/#\\\/schema\\\/logo\\\/image\\\/\",\"url\":\"https:\\\/\\\/cms.easyhvs.de\\\/kuhnlegmbhdev\\\/wp-content\\\/uploads\\\/sites\\\/20\\\/2021\\\/02\\\/weku_banner_mobile.png\",\"contentUrl\":\"https:\\\/\\\/cms.easyhvs.de\\\/kuhnlegmbhdev\\\/wp-content\\\/uploads\\\/sites\\\/20\\\/2021\\\/02\\\/weku_banner_mobile.png\",\"width\":529,\"height\":198,\"caption\":\"Kuhnle Gmbh\"},\"image\":{\"@id\":\"https:\\\/\\\/cms.easyhvs.de\\\/kuhnlegmbhdev\\\/#\\\/schema\\\/logo\\\/image\\\/\"}}]}<\/script>\n<!-- \/ Yoast SEO plugin. -->","yoast_head_json":{"title":"3D Plasma- und Laserschneiden von Rohren - Kuhnle Gmbh","description":"Wir k\u00f6nnen 3D Rohrlaserschneidungen vornehmen, an Stahl\/ Edelstahl, ob rund oder eckig, gerade oder gebogen. Brennschneiden mit 3D gesteuertem Brennkopf. Thermisches TRennen der Rundrohre mit Plasma oder Autogen.","robots":{"index":"index","follow":"follow","max-snippet":"max-snippet:-1","max-image-preview":"max-image-preview:large","max-video-preview":"max-video-preview:-1"},"canonical":"https:\/\/cms.easyhvs.de\/kuhnlegmbhdev\/schneiden\/","og_locale":"en_US","og_type":"article","og_title":"3D Plasma- und Laserschneiden von Rohren - Kuhnle Gmbh","og_description":"Wir k\u00f6nnen 3D Rohrlaserschneidungen vornehmen, an Stahl\/ Edelstahl, ob rund oder eckig, gerade oder gebogen. Brennschneiden mit 3D gesteuertem Brennkopf. Thermisches TRennen der Rundrohre mit Plasma oder Autogen.","og_url":"https:\/\/cms.easyhvs.de\/kuhnlegmbhdev\/schneiden\/","og_site_name":"Kuhnle Gmbh","article_modified_time":"2022-01-14T11:27:03+00:00","twitter_card":"summary_large_image","twitter_misc":{"Est. reading time":"2 minutes"},"schema":{"@context":"https:\/\/schema.org","@graph":[{"@type":"WebPage","@id":"https:\/\/cms.easyhvs.de\/kuhnlegmbhdev\/schneiden\/","url":"https:\/\/cms.easyhvs.de\/kuhnlegmbhdev\/schneiden\/","name":"3D Plasma- und Laserschneiden von Rohren - Kuhnle Gmbh","isPartOf":{"@id":"https:\/\/cms.easyhvs.de\/kuhnlegmbhdev\/#website"},"datePublished":"2021-02-23T15:37:19+00:00","dateModified":"2022-01-14T11:27:03+00:00","description":"Wir k\u00f6nnen 3D Rohrlaserschneidungen vornehmen, an Stahl\/ Edelstahl, ob rund oder eckig, gerade oder gebogen. Brennschneiden mit 3D gesteuertem Brennkopf. Thermisches TRennen der Rundrohre mit Plasma oder Autogen.","breadcrumb":{"@id":"https:\/\/cms.easyhvs.de\/kuhnlegmbhdev\/schneiden\/#breadcrumb"},"inLanguage":"en-US","potentialAction":[{"@type":"ReadAction","target":["https:\/\/cms.easyhvs.de\/kuhnlegmbhdev\/schneiden\/"]}]},{"@type":"BreadcrumbList","@id":"https:\/\/cms.easyhvs.de\/kuhnlegmbhdev\/schneiden\/#breadcrumb","itemListElement":[{"@type":"ListItem","position":1,"name":"Home","item":"https:\/\/kuhnlegmbh.de\/"},{"@type":"ListItem","position":2,"name":"3D Plasma- und Laserschneiden von Rohren"}]},{"@type":"WebSite","@id":"https:\/\/cms.easyhvs.de\/kuhnlegmbhdev\/#website","url":"https:\/\/cms.easyhvs.de\/kuhnlegmbhdev\/","name":"Kuhnle Gmbh","description":"Biegen und Walzen von Stahlprofilen, Rohren und Blechen, sowie Rohr-Laserschneiden","publisher":{"@id":"https:\/\/cms.easyhvs.de\/kuhnlegmbhdev\/#organization"},"potentialAction":[{"@type":"SearchAction","target":{"@type":"EntryPoint","urlTemplate":"https:\/\/cms.easyhvs.de\/kuhnlegmbhdev\/?s={search_term_string}"},"query-input":{"@type":"PropertyValueSpecification","valueRequired":true,"valueName":"search_term_string"}}],"inLanguage":"en-US"},{"@type":"Organization","@id":"https:\/\/cms.easyhvs.de\/kuhnlegmbhdev\/#organization","name":"Kuhnle Gmbh","url":"https:\/\/cms.easyhvs.de\/kuhnlegmbhdev\/","logo":{"@type":"ImageObject","inLanguage":"en-US","@id":"https:\/\/cms.easyhvs.de\/kuhnlegmbhdev\/#\/schema\/logo\/image\/","url":"https:\/\/cms.easyhvs.de\/kuhnlegmbhdev\/wp-content\/uploads\/sites\/20\/2021\/02\/weku_banner_mobile.png","contentUrl":"https:\/\/cms.easyhvs.de\/kuhnlegmbhdev\/wp-content\/uploads\/sites\/20\/2021\/02\/weku_banner_mobile.png","width":529,"height":198,"caption":"Kuhnle Gmbh"},"image":{"@id":"https:\/\/cms.easyhvs.de\/kuhnlegmbhdev\/#\/schema\/logo\/image\/"}}]}},"_links":{"self":[{"href":"https:\/\/cms.easyhvs.de\/kuhnlegmbhdev\/wp-json\/wp\/v2\/pages\/274","targetHints":{"allow":["GET"]}}],"collection":[{"href":"https:\/\/cms.easyhvs.de\/kuhnlegmbhdev\/wp-json\/wp\/v2\/pages"}],"about":[{"href":"https:\/\/cms.easyhvs.de\/kuhnlegmbhdev\/wp-json\/wp\/v2\/types\/page"}],"author":[{"embeddable":true,"href":"https:\/\/cms.easyhvs.de\/kuhnlegmbhdev\/wp-json\/wp\/v2\/users\/2"}],"replies":[{"embeddable":true,"href":"https:\/\/cms.easyhvs.de\/kuhnlegmbhdev\/wp-json\/wp\/v2\/comments?post=274"}],"version-history":[{"count":8,"href":"https:\/\/cms.easyhvs.de\/kuhnlegmbhdev\/wp-json\/wp\/v2\/pages\/274\/revisions"}],"predecessor-version":[{"id":941,"href":"https:\/\/cms.easyhvs.de\/kuhnlegmbhdev\/wp-json\/wp\/v2\/pages\/274\/revisions\/941"}],"wp:attachment":[{"href":"https:\/\/cms.easyhvs.de\/kuhnlegmbhdev\/wp-json\/wp\/v2\/media?parent=274"}],"curies":[{"name":"wp","href":"https:\/\/api.w.org\/{rel}","templated":true}]}}